216.131.68.12 - - [02/Mar/2022:02:38:12 +0900] "GET /reibun/iPad/mini/2012/address_book/regist/0001/ HTTP/1.0" 200 3043 "https://vsechastikino.ru/150-plohie-parni-vse-chasti.html" "Mozilla/5.0 (Windows NT 10.0; WOW64) AppleWebKit/537.36 (KHTML, like Gecko) Chrome/90.0.4430.72 Safari/537.36"
157.97.132.238 - - [02/Mar/2022:02:38:12 +0900] "HEAD /reibun/iPad/webalizer/ HTTP/1.1" 206 - "https://petroplast-group.ru/" "Mozilla/5.0 (Windows NT 10.0; Win64; x64) AppleWebKit/537.36"
216.131.68.12 - - [02/Mar/2022:02:38:15 +0900] "GET /reibun/iPad/mini/2012/address_book/regist/ HTTP/1.0" 200 818 "https://vsechastikino.ru/16-matrica-vse-filmy.html" "Mozilla/5.0 (Windows NT 10.0; WOW64) AppleWebKit/537.36 (KHTML, like Gecko) Chrome/90.0.4430.93 Safari/537.36"
216.131.68.12 - - [02/Mar/2022:02:38:18 +0900] "GET /reibun/iPad/mini/2012/bluetooth/keyboard/0001/ HTTP/1.0" 200 6117 "https://vsechastikino.ru/21-bibliotekar-vse-chasti.html" "Mozilla/5.0 (Windows NT 6.3; Win64; x64) AppleWebKit/537.36 (KHTML, like Gecko) Chrome/90.0.4430.93 Safari/537.36"
157.97.132.238 - - [02/Mar/2022:02:38:17 +0900] "HEAD /reibun/iPad/webalizer/ HTTP/1.1" 206 - "https://petroplast-group.ru/" "Mozilla/5.0 (Windows NT 10.0; Win64; x64) AppleWebKit/537.36"
216.131.68.12 - - [02/Mar/2022:02:38:20 +0900] "GET /reibun/iPad/mini/2012/address_book/regist/0001/ HTTP/1.0" 200 3043 "https://vsechastikino.ru/143-malefisenta-vse-chasti.html" "Mozilla/5.0 (Windows NT 6.3; Win64; x64) AppleWebKit/537.36 (KHTML, like Gecko) Chrome/90.0.4430.72 Safari/537.36"
216.131.68.12 - - [02/Mar/2022:02:38:23 +0900] "GET /reibun/iPad/mini/2012/tips/spring_board/0001/ HTTP/1.0" 200 2863 "https://vsechastikino.ru/531-dzhordzh-lukas-rezhisser-vse-filmy.html" "Mozilla/5.0 (Windows NT 6.1; Win64; x64) AppleWebKit/537.36 (KHTML, like Gecko) Chrome/90.0.4430.93 Safari/537.36"
157.97.132.238 - - [02/Mar/2022:02:38:23 +0900] "HEAD /reibun/iPad/webalizer/ HTTP/1.1" 206 - "https://petroplast-group.ru/" "Mozilla/5.0 (Windows NT 10.0; Win64; x64) AppleWebKit/537.36"
216.131.68.12 - - [02/Mar/2022:02:38:26 +0900] "GET /reibun/iPad/mini/2012/tips/spring_board/0002/ HTTP/1.0" 200 2881 "https://vsechastikino.ru/591-stjuart-littl-vse-chasti.html" "Mozilla/5.0 (Windows NT 10.0; Win64; x64) AppleWebKit/537.36 (KHTML, like Gecko) Chrome/90.0.4430.86 Safari/537.36"
216.131.68.12 - - [02/Mar/2022:02:38:28 +0900] "GET /reibun/iPad/mini/2012/bluetooth/keyboard/ HTTP/1.0" 200 804 "https://vsechastikino.ru/649-robert-pattinson-filmy.html" "Mozilla/5.0 (Windows NT 10.0; WOW64) AppleWebKit/537.36 (KHTML, like Gecko) Chrome/90.0.4400.8 Safari/537.36"
157.97.132.238 - - [02/Mar/2022:02:38:29 +0900] "HEAD /reibun/iPad/webalizer/ HTTP/1.1" 206 - "https://petroplast-group.ru/" "Mozilla/5.0 (Windows NT 10.0; Win64; x64) AppleWebKit/537.36"
216.131.68.12 - - [02/Mar/2022:02:38:31 +0900] "GET /reibun/iPad/mini/2012/bluetooth/keyboard/0001/ HTTP/1.0" 200 6117 "https://vsechastikino.ru/1-transformery-vse-chasti.html" "Mozilla/5.0 (Windows NT 6.3; Win64; x64) AppleWebKit/537.36 (KHTML, like Gecko) Chrome/90.0.4430.85 Safari/537.36 Edg/90.0.818.49"
157.97.132.238 - - [02/Mar/2022:02:38:33 +0900] "HEAD /reibun/iPad/webalizer/ HTTP/1.1" 206 - "https://petroplast-group.ru/" "Mozilla/5.0 (Windows NT 10.0; Win64; x64) AppleWebKit/537.36"
157.97.132.238 - - [02/Mar/2022:02:38:38 +0900] "HEAD /reibun/iPad/webalizer/ HTTP/1.1" 206 - "https://petroplast-group.ru/" "Mozilla/5.0 (Windows NT 10.0; Win64; x64) AppleWebKit/537.36"
157.97.132.238 - - [02/Mar/2022:02:38:43 +0900] "HEAD /reibun/iPad/webalizer/ HTTP/1.1" 206 - "https://petroplast-group.ru/" "Mozilla/5.0 (Windows NT 10.0; Win64; x64) AppleWebKit/537.36"
157.97.132.238 - - [02/Mar/2022:02:38:47 +0900] "HEAD /reibun/iPad/webalizer/ HTTP/1.1" 206 - "https://petroplast-group.ru/" "Mozilla/5.0 (Windows NT 10.0; Win64; x64) AppleWebKit/537.36"
157.97.132.238 - - [02/Mar/2022:02:38:52 +0900] "HEAD /reibun/iPad/webalizer/ HTTP/1.1" 206 - "https://petroplast-group.ru/" "Mozilla/5.0 (Windows NT 10.0; Win64; x64) AppleWebKit/537.36"
157.97.132.238 - - [02/Mar/2022:02:38:57 +0900] "HEAD /reibun/iPad/webalizer/ HTTP/1.1" 206 - "https://petroplast-group.ru/" "Mozilla/5.0 (Windows NT 10.0; Win64; x64) AppleWebKit/537.36"
157.97.132.238 - - [02/Mar/2022:02:39:02 +0900] "HEAD /reibun/iPad/webalizer/ HTTP/1.1" 206 - "https://petroplast-group.ru/" "Mozilla/5.0 (Windows NT 10.0; Win64; x64) AppleWebKit/537.36"
157.97.132.238 - - [02/Mar/2022:02:39:07 +0900] "HEAD /reibun/iPad/webalizer/ HTTP/1.1" 206 - "https://petroplast-group.ru/" "Mozilla/5.0 (Windows NT 10.0; Win64; x64) AppleWebKit/537.36"
185.206.214.42 - - [02/Mar/2022:02:39:11 +0900] "GET /reibun/iPad/mini/2012/bluetooth/keyboard/0001/ HTTP/1.0" 200 6117 "https://printsbook.ru/" "Mozilla/5.0 (Windows NT 10.0; Win64; x64) AppleWebKit/537.36 (KHTML, like Gecko) Chrome/90.0.4430.72 Safari/537.36"
185.206.214.42 - - [02/Mar/2022:02:39:12 +0900] "GET /reibun/iPad/mini/2012/bluetooth/keyboard/0001/ HTTP/1.0" 200 6117 "https://manystock.ru/" "Mozilla/5.0 (Windows NT 10.0) AppleWebKit/537.36 (KHTML, like Gecko) Chrome/90.0.4430.85 Safari/537.36 Edg/90.0.818.46"
157.97.132.238 - - [02/Mar/2022:02:39:12 +0900] "HEAD /reibun/iPad/webalizer/ HTTP/1.1" 206 - "https://petroplast-group.ru/" "Mozilla/5.0 (Windows NT 10.0; Win64; x64) AppleWebKit/537.36"
185.206.214.42 - - [02/Mar/2022:02:39:13 +0900] "GET /reibun/iPad/mini/2012/bluetooth/keyboard/0001/ HTTP/1.0" 200 6117 "https://printstoris.ru/" "Mozilla/5.0 (Windows NT 6.2; Win64; x64) AppleWebKit/537.36 (KHTML, like Gecko) Chrome/90.0.4430.93 Safari/537.36"
185.206.214.42 - - [02/Mar/2022:02:39:13 +0900] "GET /reibun/iPad/mini/2012/bluetooth/keyboard/0001/ HTTP/1.0" 200 6117 "https://printvam.ru/" "Mozilla/5.0 (Windows NT 10.0) AppleWebKit/537.36 (KHTML, like Gecko) Chrome/90.0.4430.85 Safari/537.36 Edg/90.0.818.46"
185.206.214.42 - - [02/Mar/2022:02:39:14 +0900] "GET /reibun/iPad/mini/2012/address_book/regist/0001/ HTTP/1.0" 200 3043 "https://printsbook.ru/" "Mozilla/5.0 (Windows NT 10.0) AppleWebKit/537.36 (KHTML, like Gecko) Chrome/90.0.4430.72 Safari/537.36"
185.206.214.42 - - [02/Mar/2022:02:39:15 +0900] "GET /reibun/iPad/mini/2012/bluetooth/keyboard/0001/ HTTP/1.0" 200 6117 "https://alentaprint.ru/" "Mozilla/5.0 (Windows NT 6.1) AppleWebKit/537.36 (KHTML, like Gecko) Chrome/90.0.4430.72 Safari/537.36"
185.206.214.42 - - [02/Mar/2022:02:39:15 +0900] "GET /reibun/iPad/mini/2012/bluetooth/keyboard/0001/ HTTP/1.0" 200 6117 "https://1fixprint.ru/" "Mozilla/5.0 (Windows NT 6.1; WOW64) AppleWebKit/537.36 (KHTML, like Gecko) Chrome/90.0.4430.93 Safari/537.36"
185.206.214.42 - - [02/Mar/2022:02:39:15 +0900] "GET /reibun/iPad/mini/2012/address_book/regist/0001/ HTTP/1.0" 200 3043 "https://manystock.ru/" "Mozilla/5.0 (Windows NT 10.0) AppleWebKit/537.36 (KHTML, like Gecko) Chrome/90.0.4430.85 Safari/537.36"
185.206.214.42 - - [02/Mar/2022:02:39:16 +0900] "GET /reibun/iPad/mini/2012/address_book/regist/0001/ HTTP/1.0" 200 3043 "https://printstoris.ru/" "Mozilla/5.0 (Windows NT 10.0) AppleWebKit/537.36 (KHTML, like Gecko) Chrome/90.0.4430.93 Safari/537.36"
185.206.214.42 - - [02/Mar/2022:02:39:16 +0900] "GET /reibun/iPad/mini/2012/address_book/regist/0001/ HTTP/1.0" 200 3043 "https://printvam.ru/" "Mozilla/5.0 (Windows NT 10.0; Win64; x64) AppleWebKit/537.36 (KHTML, like Gecko) Chrome/90.0.4430.93 Safari/537.36"
185.206.214.42 - - [02/Mar/2022:02:39:17 +0900] "GET /reibun/iPad/mini/2012/address_book/regist/0001/ HTTP/1.0" 200 3043 "https://alentaprint.ru/" "Mozilla/5.0 (Windows NT 6.3; Win64; x64) AppleWebKit/537.36 (KHTML, like Gecko) Chrome/90.0.4430.85 Safari/537.36 Edg/90.0.818.46"
157.97.132.238 - - [02/Mar/2022:02:39:17 +0900] "HEAD /reibun/iPad/webalizer/ HTTP/1.1" 206 - "https://petroplast-group.ru/" "Mozilla/5.0 (Windows NT 10.0; Win64; x64) AppleWebKit/537.36"
185.206.214.42 - - [02/Mar/2022:02:39:18 +0900] "GET /reibun/iPad/mini/2012/address_book/regist/0001/ HTTP/1.0" 200 3043 "https://1fixprint.ru/" "Mozilla/5.0 (Windows NT 10.0) AppleWebKit/537.36 (KHTML, like Gecko) Chrome/90.0.4430.72 Safari/537.36"
185.206.214.42 - - [02/Mar/2022:02:39:19 +0900] "GET /reibun/iPad/mini/2012/bluetooth/keyboard/0001/ HTTP/1.0" 200 6117 "https://printmaiki.ru/" "Mozilla/5.0 (Windows NT 10.0; Win64; x64) AppleWebKit/537.36 (KHTML, like Gecko) Chrome/90.0.4430.85 Safari/537.36 Edg/90.0.818.46"
185.206.214.42 - - [02/Mar/2022:02:39:22 +0900] "GET /reibun/iPad/mini/2012/address_book/regist/0001/ HTTP/1.0" 200 3043 "https://printmaiki.ru/" "Mozilla/5.0 (Windows NT 6.1; Win64; x64) AppleWebKit/537.36 (KHTML, like Gecko) Chrome/90.0.4430.93 Safari/537.36"
157.97.132.238 - - [02/Mar/2022:02:39:22 +0900] "HEAD /reibun/iPad/webalizer/ HTTP/1.1" 206 - "https://petroplast-group.ru/" "Mozilla/5.0 (Windows NT 10.0; Win64; x64) AppleWebKit/537.36"
157.97.132.238 - - [02/Mar/2022:02:39:28 +0900] "HEAD /reibun/iPad/webalizer/ HTTP/1.1" 206 - "https://petroplast-group.ru/" "Mozilla/5.0 (Windows NT 10.0; Win64; x64) AppleWebKit/537.36"
157.97.132.238 - - [02/Mar/2022:02:39:36 +0900] "HEAD /reibun/iPad/webalizer/ HTTP/1.1" 206 - "https://petroplast-group.ru/" "Mozilla/5.0 (Windows NT 10.0; Win64; x64) AppleWebKit/537.36"
157.97.132.238 - - [02/Mar/2022:02:39:45 +0900] "HEAD /reibun/iPad/webalizer/ HTTP/1.1" 206 - "https://petroplast-group.ru/" "Mozilla/5.0 (Windows NT 10.0; Win64; x64) AppleWebKit/537.36"
157.97.132.238 - - [02/Mar/2022:02:39:54 +0900] "HEAD /reibun/iPad/webalizer/ HTTP/1.1" 206 - "https://petroplast-group.ru/" "Mozilla/5.0 (Windows NT 10.0; Win64; x64) AppleWebKit/537.36"
157.97.132.238 - - [02/Mar/2022:02:40:02 +0900] "HEAD /reibun/iPad/webalizer/ HTTP/1.1" 206 - "https://petroplast-group.ru/" "Mozilla/5.0 (Windows NT 10.0; Win64; x64) AppleWebKit/537.36"
143.255.58.41 - - [02/Mar/2022:02:39:59 +0900] "GET /reibun/iPad/webalizer/usage_201409.html HTTP/1.0" 200 306685 "https://torospa.ru/dopolneniya" "Mozilla/5.0 (Windows NT 10.0) AppleWebKit/537.36 (KHTML, like Gecko) Chrome/90.0.4430.85 Safari/537.36 Edg/90.0.818.46"
143.255.58.41 - - [02/Mar/2022:02:40:06 +0900] "GET /reibun/iPad/mini/2012/bluetooth/keyboard/0001/ HTTP/1.0" 200 6117 "https://torospa.ru/blog/bezotvetnaya-laska1/" "Mozilla/5.0 (Windows NT 6.1) AppleWebKit/537.36 (KHTML, like Gecko) Chrome/90.0.4430.85 Safari/537.36"
143.255.58.41 - - [02/Mar/2022:02:40:08 +0900] "GET /reibun/iPad/mini/2012/address_book/regist/0001/ HTTP/1.0" 200 3043 "https://torospa.ru/devushki/erika/" "Mozilla/5.0 (Windows NT 10.0; Win64; x64) AppleWebKit/537.36 (KHTML, like Gecko) Chrome/90.0.4430.93 Safari/537.36"
157.97.132.238 - - [02/Mar/2022:02:40:11 +0900] "HEAD /reibun/iPad/webalizer/ HTTP/1.1" 206 - "https://petroplast-group.ru/" "Mozilla/5.0 (Windows NT 10.0; Win64; x64) AppleWebKit/537.36"
143.255.58.41 - - [02/Mar/2022:02:40:11 +0900] "GET /reibun/iPad/mini/2012/tips/spring_board/0001/ HTTP/1.0" 200 2863 "https://torospa.ru/dopolneniya/priglashaem-gostey-na-rasslablyushee-dopolnenie-dlya-polnogo-relaksa" "Mozilla/5.0 (Windows NT 6.1; WOW64) AppleWebKit/537.36 (KHTML, like Gecko) Chrome/90.0.4430.72 Safari/537.36"
143.255.58.41 - - [02/Mar/2022:02:40:14 +0900] "GET /reibun/iPad/mini/2012/tips/spring_board/0002/ HTTP/1.0" 200 2881 "https://torospa.ru/blog/taiskiy-milniy-massage-dlya-muzhchin" "Mozilla/5.0 (Windows NT 10.0; Win64; x64) AppleWebKit/537.36 (KHTML, like Gecko) Chrome/90.0.4430.85 Safari/537.36 Edg/90.0.818.46"
143.255.58.41 - - [02/Mar/2022:02:40:16 +0900] "GET /reibun/iPad/mini/2012/bluetooth/keyboard/ HTTP/1.0" 200 804 "https://torospa.ru/programmy/priglashaem-gostey-razbirayshihsy-v-roskoshi-na-korolevskiy-massag" "Mozilla/5.0 (Windows NT 10.0; WOW64) AppleWebKit/537.36 (KHTML, like Gecko) Chrome/90.0.4430.72 Safari/537.36"
157.97.132.238 - - [02/Mar/2022:02:40:17 +0900] "HEAD /reibun/iPad/webalizer/ HTTP/1.1" 206 - "https://petroplast-group.ru/" "Mozilla/5.0 (Windows NT 10.0; Win64; x64) AppleWebKit/537.36"
143.255.58.41 - - [02/Mar/2022:02:40:19 +0900] "GET /reibun/iPad/mini/2012/bluetooth/keyboard/0001/ HTTP/1.0" 200 6117 "https://torospa.ru/dopolneniya/massage-francuzskiy-poceluy-dlya-muzhchin" "Mozilla/5.0 (Windows NT 6.1) AppleWebKit/537.36 (KHTML, like Gecko) Chrome/90.0.4430.85 Safari/537.36"
143.255.58.41 - - [02/Mar/2022:02:40:22 +0900] "GET /reibun/iPad/mini/2012/address_book/regist/0001/ HTTP/1.0" 200 3043 "https://torospa.ru/blog/sovmestniy-taiskiy-massage-dlya-vlublenih-par" "Mozilla/5.0 (Windows NT 6.1; ) AppleWebKit/537.36 (KHTML, like Gecko) Chrome/90.0.4430.72 Safari/537.36"
157.97.132.238 - - [02/Mar/2022:02:40:23 +0900] "HEAD /reibun/iPad/webalizer/ HTTP/1.1" 206 - "https://petroplast-group.ru/" "Mozilla/5.0 (Windows NT 10.0; Win64; x64) AppleWebKit/537.36"
143.255.58.41 - - [02/Mar/2022:02:40:25 +0900] "GET /reibun/iPad/mini/2012/address_book/regist/ HTTP/1.0" 200 818 "https://torospa.ru/programmy/ritual-nezhnosti/" "Mozilla/5.0 (Windows NT 10.0; WOW64) AppleWebKit/537.36 (KHTML, like Gecko) Chrome/90.0.4430.93 Safari/537.36"
143.255.58.41 - - [02/Mar/2022:02:40:27 +0900] "GET /reibun/iPad/mini/2012/bluetooth/keyboard/0001/ HTTP/1.0" 200 6117 "https://torospa.ru/dopolneniya/priglashaem-oprobovat-priyatnoe-dopolnenie-massag-apelsinami" "Mozilla/5.0 (Windows NT 6.1) AppleWebKit/537.36 (KHTML, like Gecko) Chrome/90.0.4430.93 Safari/537.36"
157.97.132.238 - - [02/Mar/2022:02:40:28 +0900] "HEAD /reibun/iPad/webalizer/ HTTP/1.1" 206 - "https://petroplast-group.ru/" "Mozilla/5.0 (Windows NT 10.0; Win64; x64) AppleWebKit/537.36"
143.255.58.41 - - [02/Mar/2022:02:40:30 +0900] "GET /reibun/iPad/mini/2012/address_book/regist/0001/ HTTP/1.0" 200 3043 "https://torospa.ru/programmy" "Mozilla/5.0 (Windows NT 6.2; Win64; x64) AppleWebKit/537.36 (KHTML, like Gecko) Chrome/90.0.4430.72 Safari/537.36"
143.255.58.41 - - [02/Mar/2022:02:40:33 +0900] "GET /reibun/iPad/mini/2012/tips/spring_board/0001/ HTTP/1.0" 200 2863 "https://torospa.ru/devushki/oprobuy-vse-vidi-eroticheskogo-massaga-s-masterom-massaga/" "Mozilla/5.0 (Windows NT 6.1; Win64; x64) AppleWebKit/537.36 (KHTML, like Gecko) Chrome/90.0.4427.0 Safari/537.36"
157.97.132.238 - - [02/Mar/2022:02:40:34 +0900] "HEAD /reibun/iPad/webalizer/ HTTP/1.1" 206 - "https://petroplast-group.ru/" "Mozilla/5.0 (Windows NT 10.0; Win64; x64) AppleWebKit/537.36"
143.255.58.41 - - [02/Mar/2022:02:40:36 +0900] "GET /reibun/iPad/mini/2012/tips/spring_board/0002/ HTTP/1.0" 200 2881 "https://torospa.ru/akcii/sertificat-na-programmu-massaga" "Mozilla/5.0 (Windows NT 10.0; Win64; x64) AppleWebKit/537.36 (KHTML, like Gecko) Chrome/90.0.4430.85 Safari/537.36 Edg/90.0.818.49"
143.255.58.41 - - [02/Mar/2022:02:40:38 +0900] "GET /reibun/iPad/mini/2012/bluetooth/keyboard/ HTTP/1.0" 200 804 "https://torospa.ru/programmy/priglashaem-na-eroticheskiy-massag-princessi" "Mozilla/5.0 (Windows NT 6.1; WOW64) AppleWebKit/537.36 (KHTML, like Gecko) Chrome/90.0.4430.85 Safari/537.36"
157.97.132.238 - - [02/Mar/2022:02:40:41 +0900] "HEAD /reibun/iPad/webalizer/ HTTP/1.1" 206 - "https://petroplast-group.ru/" "Mozilla/5.0 (Windows NT 10.0; Win64; x64) AppleWebKit/537.36"
143.255.58.41 - - [02/Mar/2022:02:40:41 +0900] "GET /reibun/iPad/mini/2012/bluetooth/keyboard/0001/ HTTP/1.0" 200 6117 "https://torospa.ru" "Mozilla/5.0 (Windows NT 10.0) AppleWebKit/537.36 (KHTML, like Gecko) Chrome/90.0.4430.85 Safari/537.36 Edg/90.0.818.46"
157.97.132.238 - - [02/Mar/2022:02:40:46 +0900] "HEAD /reibun/iPad/webalizer/ HTTP/1.1" 206 - "https://petroplast-group.ru/" "Mozilla/5.0 (Windows NT 10.0; Win64; x64) AppleWebKit/537.36"
157.97.132.238 - - [02/Mar/2022:02:40:51 +0900] "HEAD /reibun/iPad/webalizer/ HTTP/1.1" 206 - "https://petroplast-group.ru/" "Mozilla/5.0 (Windows NT 10.0; Win64; x64) AppleWebKit/537.36"
157.97.132.238 - - [02/Mar/2022:02:40:57 +0900] "HEAD /reibun/iPad/webalizer/ HTTP/1.1" 206 - "https://petroplast-group.ru/" "Mozilla/5.0 (Windows NT 10.0; Win64; x64) AppleWebKit/537.36"
157.97.132.238 - - [02/Mar/2022:02:41:02 +0900] "HEAD /reibun/iPad/webalizer/ HTTP/1.1" 206 - "https://petroplast-group.ru/" "Mozilla/5.0 (Windows NT 10.0; Win64; x64) AppleWebKit/537.36"
157.97.132.238 - - [02/Mar/2022:02:41:07 +0900] "HEAD /reibun/iPad/webalizer/ HTTP/1.1" 206 - "https://petroplast-group.ru/" "Mozilla/5.0 (Windows NT 10.0; Win64; x64) AppleWebKit/537.36"
157.97.132.238 - - [02/Mar/2022:02:41:13 +0900] "HEAD /reibun/iPad/webalizer/ HTTP/1.1" 206 - "https://petroplast-group.ru/" "Mozilla/5.0 (Windows NT 10.0; Win64; x64) AppleWebKit/537.36"
157.97.132.238 - - [02/Mar/2022:02:41:18 +0900] "HEAD /reibun/iPad/webalizer/ HTTP/1.1" 206 - "https://petroplast-group.ru/" "Mozilla/5.0 (Windows NT 10.0; Win64; x64) AppleWebKit/537.36"
157.97.132.238 - - [02/Mar/2022:02:41:24 +0900] "HEAD /reibun/iPad/webalizer/ HTTP/1.1" 206 - "https://petroplast-group.ru/" "Mozilla/5.0 (Windows NT 10.0; Win64; x64) AppleWebKit/537.36"
157.97.132.238 - - [02/Mar/2022:02:41:30 +0900] "HEAD /reibun/iPad/webalizer/ HTTP/1.1" 206 - "https://petroplast-group.ru/" "Mozilla/5.0 (Windows NT 10.0; Win64; x64) AppleWebKit/537.36"
157.97.132.238 - - [02/Mar/2022:02:41:37 +0900] "HEAD /reibun/iPad/webalizer/ HTTP/1.1" 206 - "https://petroplast-group.ru/" "Mozilla/5.0 (Windows NT 10.0; Win64; x64) AppleWebKit/537.36"
157.97.132.238 - - [02/Mar/2022:02:41:44 +0900] "HEAD /reibun/iPad/webalizer/ HTTP/1.1" 206 - "https://petroplast-group.ru/" "Mozilla/5.0 (Windows NT 10.0; Win64; x64) AppleWebKit/537.36"
157.97.132.238 - - [02/Mar/2022:02:41:49 +0900] "HEAD /reibun/iPad/webalizer/ HTTP/1.1" 206 - "https://petroplast-group.ru/" "Mozilla/5.0 (Windows NT 10.0; Win64; x64) AppleWebKit/537.36"
157.97.132.238 - - [02/Mar/2022:02:41:55 +0900] "HEAD /reibun/iPad/webalizer/ HTTP/1.1" 206 - "https://petroplast-group.ru/" "Mozilla/5.0 (Windows NT 10.0; Win64; x64) AppleWebKit/537.36"
157.97.132.238 - - [02/Mar/2022:02:41:59 +0900] "HEAD /reibun/iPad/webalizer/ HTTP/1.1" 206 - "https://petroplast-group.ru/" "Mozilla/5.0 (Windows NT 10.0; Win64; x64) AppleWebKit/537.36"
157.97.132.238 - - [02/Mar/2022:02:42:05 +0900] "HEAD /reibun/iPad/webalizer/ HTTP/1.1" 206 - "https://petroplast-group.ru/" "Mozilla/5.0 (Windows NT 10.0; Win64; x64) AppleWebKit/537.36"
157.97.132.238 - - [02/Mar/2022:02:42:10 +0900] "HEAD /reibun/iPad/webalizer/ HTTP/1.1" 206 - "https://petroplast-group.ru/" "Mozilla/5.0 (Windows NT 10.0; Win64; x64) AppleWebKit/537.36"
157.97.132.238 - - [02/Mar/2022:02:42:15 +0900] "HEAD /reibun/iPad/webalizer/ HTTP/1.1" 206 - "https://petroplast-group.ru/" "Mozilla/5.0 (Windows NT 10.0; Win64; x64) AppleWebKit/537.36"
157.97.132.238 - - [02/Mar/2022:02:42:20 +0900] "HEAD /reibun/iPad/webalizer/ HTTP/1.1" 206 - "https://petroplast-group.ru/" "Mozilla/5.0 (Windows NT 10.0; Win64; x64) AppleWebKit/537.36"
157.97.132.238 - - [02/Mar/2022:02:42:25 +0900] "HEAD /reibun/iPad/webalizer/ HTTP/1.1" 206 - "https://petroplast-group.ru/" "Mozilla/5.0 (Windows NT 10.0; Win64; x64) AppleWebKit/537.36"
157.97.132.238 - - [02/Mar/2022:02:42:31 +0900] "HEAD /reibun/iPad/webalizer/ HTTP/1.1" 206 - "https://petroplast-group.ru/" "Mozilla/5.0 (Windows NT 10.0; Win64; x64) AppleWebKit/537.36"
157.97.132.238 - - [02/Mar/2022:02:42:36 +0900] "HEAD /reibun/iPad/webalizer/ HTTP/1.1" 206 - "https://petroplast-group.ru/" "Mozilla/5.0 (Windows NT 10.0; Win64; x64) AppleWebKit/537.36"
157.97.132.238 - - [02/Mar/2022:02:42:42 +0900] "HEAD /reibun/iPad/webalizer/ HTTP/1.1" 206 - "https://petroplast-group.ru/" "Mozilla/5.0 (Windows NT 10.0; Win64; x64) AppleWebKit/537.36"
157.97.132.238 - - [02/Mar/2022:02:42:47 +0900] "HEAD /reibun/iPad/webalizer/ HTTP/1.1" 206 - "https://petroplast-group.ru/" "Mozilla/5.0 (Windows NT 10.0; Win64; x64) AppleWebKit/537.36"
157.97.132.238 - - [02/Mar/2022:02:42:53 +0900] "HEAD /reibun/iPad/webalizer/ HTTP/1.1" 206 - "https://petroplast-group.ru/" "Mozilla/5.0 (Windows NT 10.0; Win64; x64) AppleWebKit/537.36"
157.97.132.238 - - [02/Mar/2022:02:42:59 +0900] "HEAD /reibun/iPad/webalizer/ HTTP/1.1" 206 - "https://petroplast-group.ru/" "Mozilla/5.0 (Windows NT 10.0; Win64; x64) AppleWebKit/537.36"
157.97.132.238 - - [02/Mar/2022:02:43:04 +0900] "HEAD /reibun/iPad/webalizer/ HTTP/1.1" 206 - "https://petroplast-group.ru/" "Mozilla/5.0 (Windows NT 10.0; Win64; x64) AppleWebKit/537.36"
185.206.214.42 - - [02/Mar/2022:02:43:05 +0900] "GET /reibun/iPad/webalizer/usage_202202.html HTTP/1.0" 200 334379 "https://printmaiki.ru/" "Mozilla/5.0 (Windows NT 6.1; ) AppleWebKit/537.36 (KHTML, like Gecko) Chrome/90.0.4430.85 Safari/537.36"
185.206.214.42 - - [02/Mar/2022:02:43:05 +0900] "GET /reibun/iPad/webalizer/usage_202202.html HTTP/1.0" 200 334379 "https://printsbook.ru/" "Mozilla/5.0 (Windows NT 6.1; Win64; x64) AppleWebKit/537.36 (KHTML, like Gecko) Chrome/90.0.4427.0 Safari/537.36"
185.206.214.42 - - [02/Mar/2022:02:43:05 +0900] "GET /reibun/iPad/webalizer/usage_202202.html HTTP/1.0" 200 334379 "https://manystock.ru/" "Mozilla/5.0 (Windows NT 10.0; Win64; x64) AppleWebKit/537.36 (KHTML, like Gecko) Chrome/90.0.4430.93 Safari/537.36"
157.97.132.238 - - [02/Mar/2022:02:43:09 +0900] "HEAD /reibun/iPad/webalizer/ HTTP/1.1" 206 - "https://petroplast-group.ru/" "Mozilla/5.0 (Windows NT 10.0; Win64; x64) AppleWebKit/537.36"
185.206.214.42 - - [02/Mar/2022:02:43:06 +0900] "GET /reibun/iPad/webalizer/usage_202202.html HTTP/1.0" 200 334379 "https://alentaprint.ru/" "Mozilla/5.0 (Windows NT 10.0; Win64; x64) AppleWebKit/537.36 (KHTML, like Gecko) Chrome/90.0.4430.72 Safari/537.36"
185.206.214.42 - - [02/Mar/2022:02:43:07 +0900] "GET /reibun/iPad/webalizer/usage_202202.html HTTP/1.0" 200 334379 "https://printvam.ru/" "Mozilla/5.0 (Windows NT 6.1; WOW64) AppleWebKit/537.36 (KHTML, like Gecko) Chrome/90.0.4430.93 Safari/537.36"
185.206.214.42 - - [02/Mar/2022:02:43:06 +0900] "GET /reibun/iPad/webalizer/usage_202202.html HTTP/1.0" 200 334379 "https://printstoris.ru/" "Mozilla/5.0 (Windows NT 6.1; ) AppleWebKit/537.36 (KHTML, like Gecko) Chrome/90.0.4430.72 Safari/537.36"
157.97.132.238 - - [02/Mar/2022:02:43:14 +0900] "HEAD /reibun/iPad/webalizer/ HTTP/1.1" 206 - "https://petroplast-group.ru/" "Mozilla/5.0 (Windows NT 10.0; Win64; x64) AppleWebKit/537.36"
185.206.214.42 - - [02/Mar/2022:02:43:11 +0900] "GET /reibun/iPad/webalizer/usage_202202.html HTTP/1.0" 200 334379 "https://printmaiki.ru/" "Mozilla/5.0 (Windows NT 6.1; Win64; x64) AppleWebKit/537.36 (KHTML, like Gecko) Chrome/90.0.4430.93 Safari/537.36"
185.206.214.42 - - [02/Mar/2022:02:43:11 +0900] "GET /reibun/iPad/webalizer/usage_202202.html HTTP/1.0" 200 334379 "https://printsbook.ru/" "Mozilla/5.0 (Windows NT 6.3; Win64; x64) AppleWebKit/537.36 (KHTML, like Gecko) Chrome/90.0.4430.72 Safari/537.36 Edg/90.0.818.42"
185.206.214.42 - - [02/Mar/2022:02:43:12 +0900] "GET /reibun/iPad/webalizer/usage_202202.html HTTP/1.0" 200 334379 "https://manystock.ru/" "Mozilla/5.0 (Windows NT 6.1) AppleWebKit/537.36 (KHTML, like Gecko) Chrome/90.0.4430.72 Safari/537.36"
185.206.214.42 - - [02/Mar/2022:02:43:07 +0900] "GET /reibun/iPad/webalizer/usage_202202.html HTTP/1.0" 200 334379 "https://1fixprint.ru/" "Mozilla/5.0 (Windows NT 6.1; Win64; x64) AppleWebKit/537.36 (KHTML, like Gecko) Chrome/90.0.4430.85 Safari/537.36 Edg/90.0.818.49"
185.206.214.42 - - [02/Mar/2022:02:43:18 +0900] "GET /reibun/iPad/mini/2012/bluetooth/keyboard/0001/ HTTP/1.0" 200 6117 "https://printmaiki.ru/" "Mozilla/5.0 (Windows NT 6.1; WOW64) AppleWebKit/537.36 (KHTML, like Gecko) Chrome/90.0.4430.85 Safari/537.36"
185.206.214.42 - - [02/Mar/2022:02:43:18 +0900] "GET /reibun/iPad/mini/2012/bluetooth/keyboard/0001/ HTTP/1.0" 200 6117 "https://printsbook.ru/" "Mozilla/5.0 (Windows NT 10.0; WOW64) AppleWebKit/537.36 (KHTML, like Gecko) Chrome/90.0.4430.72 Safari/537.36"
185.191.171.15 - - [02/Mar/2022:02:43:19 +0900] "GET /reibun/iPad/mini/2012/app/iBunkoHD/0002/img/ HTTP/1.1" 200 1240 "-" "Mozilla/5.0 (compatible; SemrushBot/7~bl; +http://www.semrush.com/bot.html)"
185.206.214.42 - - [02/Mar/2022:02:43:13 +0900] "GET /reibun/iPad/webalizer/usage_202202.html HTTP/1.0" 200 334379 "https://alentaprint.ru/" "Mozilla/5.0 (Windows NT 10.0; Win64; x64) AppleWebKit/537.36 (KHTML, like Gecko) Chrome/90.0.4430.85 Safari/537.36"
185.206.214.42 - - [02/Mar/2022:02:43:15 +0900] "GET /reibun/iPad/webalizer/usage_202202.html HTTP/1.0" 200 334379 "https://printstoris.ru/" "Mozilla/5.0 (Windows NT 6.1) AppleWebKit/537.36 (KHTML, like Gecko) Chrome/90.0.4430.72 Safari/537.36"
157.97.132.238 - - [02/Mar/2022:02:43:19 +0900] "HEAD /reibun/iPad/webalizer/ HTTP/1.1" 206 - "https://petroplast-group.ru/" "Mozilla/5.0 (Windows NT 10.0; Win64; x64) AppleWebKit/537.36"
185.206.214.42 - - [02/Mar/2022:02:43:20 +0900] "GET /reibun/iPad/mini/2012/bluetooth/keyboard/0001/ HTTP/1.0" 200 6117 "https://manystock.ru/" "Mozilla/5.0 (Windows NT 6.1; WOW64) AppleWebKit/537.36 (KHTML, like Gecko) Chrome/90.0.4430.93 Safari/537.36"
185.206.214.42 - - [02/Mar/2022:02:43:20 +0900] "GET /reibun/iPad/mini/2012/address_book/regist/0001/ HTTP/1.0" 200 3043 "https://printmaiki.ru/" "Mozilla/5.0 (Windows NT 6.1) AppleWebKit/537.36 (KHTML, like Gecko) Chrome/90.0.4430.72 Safari/537.36"
185.206.214.42 - - [02/Mar/2022:02:43:17 +0900] "GET /reibun/iPad/webalizer/usage_202202.html HTTP/1.0" 200 334379 "https://printvam.ru/" "Mozilla/5.0 (Windows NT 6.1; Win64; x64) AppleWebKit/537.36 (KHTML, like Gecko) Chrome/90.0.4430.93 Safari/537.36"
185.206.214.42 - - [02/Mar/2022:02:43:21 +0900] "GET /reibun/iPad/mini/2012/address_book/regist/0001/ HTTP/1.0" 200 3043 "https://printsbook.ru/" "Mozilla/5.0 (Windows NT 10.0; Win64; x64) AppleWebKit/537.36 (KHTML, like Gecko) Chrome/90.0.4430.85 Safari/537.36 Edg/90.0.818.46"
185.206.214.42 - - [02/Mar/2022:02:43:21 +0900] "GET /reibun/iPad/mini/2012/bluetooth/keyboard/0001/ HTTP/1.0" 200 6117 "https://alentaprint.ru/" "Mozilla/5.0 (Windows NT 6.3) AppleWebKit/537.36 (KHTML, like Gecko) Chrome/90.0.4430.72 Safari/537.36"
185.206.214.42 - - [02/Mar/2022:02:43:22 +0900] "GET /reibun/iPad/mini/2012/bluetooth/keyboard/0001/ HTTP/1.0" 200 6117 "https://printstoris.ru/" "Mozilla/5.0 (Windows NT 6.1; ) AppleWebKit/537.36 (KHTML, like Gecko) Chrome/90.0.4430.85 Safari/537.36"
185.206.214.42 - - [02/Mar/2022:02:43:23 +0900] "GET /reibun/iPad/mini/2012/address_book/regist/0001/ HTTP/1.0" 200 3043 "https://manystock.ru/" "Mozilla/5.0 (Windows NT 10.0; Win64; x64) AppleWebKit/537.36 (KHTML, like Gecko) Chrome/90.0.4430.72 Safari/537.36"
185.206.214.42 - - [02/Mar/2022:02:43:23 +0900] "GET /reibun/iPad/mini/2012/bluetooth/keyboard/0001/ HTTP/1.0" 200 6117 "https://printvam.ru/" "Mozilla/5.0 (Windows NT 10.0; Win64; x64) AppleWebKit/537.36 (KHTML, like Gecko) Chrome/90.0.4430.85 Safari/537.36"
185.206.214.42 - - [02/Mar/2022:02:43:24 +0900] "GET /reibun/iPad/mini/2012/address_book/regist/0001/ HTTP/1.0" 200 3043 "https://alentaprint.ru/" "Mozilla/5.0 (Windows NT 6.3; Win64; x64) AppleWebKit/537.36 (KHTML, like Gecko) Chrome/90.0.4430.93 Safari/537.36"
185.206.214.42 - - [02/Mar/2022:02:43:24 +0900] "GET /reibun/iPad/mini/2012/address_book/regist/0001/ HTTP/1.0" 200 3043 "https://printstoris.ru/" "Mozilla/5.0 (Windows NT 10.0; Win64; x64) AppleWebKit/537.36 (KHTML, like Gecko) Chrome/90.0.4430.72 Safari/537.36 Edg/90.0.818.39"
157.97.132.238 - - [02/Mar/2022:02:43:24 +0900] "HEAD /reibun/iPad/webalizer/ HTTP/1.1" 206 - "https://petroplast-group.ru/" "Mozilla/5.0 (Windows NT 10.0; Win64; x64) AppleWebKit/537.36"
185.206.214.42 - - [02/Mar/2022:02:43:20 +0900] "GET /reibun/iPad/webalizer/usage_202202.html HTTP/1.0" 200 334379 "https://1fixprint.ru/" "Mozilla/5.0 (Windows NT 6.3; Win64; x64) AppleWebKit/537.36 (KHTML, like Gecko) Chrome/90.0.4430.72 Safari/537.36 Edg/90.0.818.42"
185.206.214.42 - - [02/Mar/2022:02:43:25 +0900] "GET /reibun/iPad/mini/2012/address_book/regist/0001/ HTTP/1.0" 200 3043 "https://printvam.ru/" "Mozilla/5.0 (Windows NT 10.0; Win64; x64) AppleWebKit/537.36 (KHTML, like Gecko) Chrome/90.0.4430.85 Safari/537.36 Edg/90.0.818.46"
185.206.214.42 - - [02/Mar/2022:02:43:27 +0900] "GET /reibun/iPad/mini/2012/bluetooth/keyboard/0001/ HTTP/1.0" 200 6117 "https://1fixprint.ru/" "Mozilla/5.0 (Windows NT 10.0) AppleWebKit/537.36 (KHTML, like Gecko) Chrome/90.0.4430.85 Safari/537.36 Edg/90.0.818.46"
157.97.132.238 - - [02/Mar/2022:02:43:28 +0900] "HEAD /reibun/iPad/webalizer/ HTTP/1.1" 206 - "https://petroplast-group.ru/" "Mozilla/5.0 (Windows NT 10.0; Win64; x64) AppleWebKit/537.36"
185.206.214.42 - - [02/Mar/2022:02:43:30 +0900] "GET /reibun/iPad/mini/2012/address_book/regist/0001/ HTTP/1.0" 200 3043 "https://1fixprint.ru/" "Mozilla/5.0 (Windows NT 6.3; Win64; x64) AppleWebKit/537.36 (KHTML, like Gecko) Chrome/90.0.4430.72 Safari/537.36 Edg/90.0.818.42"
157.97.132.238 - - [02/Mar/2022:02:43:33 +0900] "HEAD /reibun/iPad/webalizer/ HTTP/1.1" 206 - "https://petroplast-group.ru/" "Mozilla/5.0 (Windows NT 10.0; Win64; x64) AppleWebKit/537.36"
157.97.132.238 - - [02/Mar/2022:02:43:38 +0900] "HEAD /reibun/iPad/webalizer/ HTTP/1.1" 206 - "https://petroplast-group.ru/" "Mozilla/5.0 (Windows NT 10.0; Win64; x64) AppleWebKit/537.36"
157.97.132.238 - - [02/Mar/2022:02:43:43 +0900] "HEAD /reibun/iPad/webalizer/ HTTP/1.1" 206 - "https://petroplast-group.ru/" "Mozilla/5.0 (Windows NT 10.0; Win64; x64) AppleWebKit/537.36"
157.97.132.238 - - [02/Mar/2022:02:43:48 +0900] "HEAD /reibun/iPad/webalizer/ HTTP/1.1" 206 - "https://petroplast-group.ru/" "Mozilla/5.0 (Windows NT 10.0; Win64; x64) AppleWebKit/537.36"
157.97.132.238 - - [02/Mar/2022:02:43:53 +0900] "HEAD /reibun/iPad/webalizer/ HTTP/1.1" 206 - "https://petroplast-group.ru/" "Mozilla/5.0 (Windows NT 10.0; Win64; x64) AppleWebKit/537.36"
157.97.132.238 - - [02/Mar/2022:02:43:58 +0900] "HEAD /reibun/iPad/webalizer/ HTTP/1.1" 206 - "https://petroplast-group.ru/" "Mozilla/5.0 (Windows NT 10.0; Win64; x64) AppleWebKit/537.36"
157.97.132.238 - - [02/Mar/2022:02:44:03 +0900] "HEAD /reibun/iPad/webalizer/ HTTP/1.1" 206 - "https://petroplast-group.ru/" "Mozilla/5.0 (Windows NT 10.0; Win64; x64) AppleWebKit/537.36"
157.97.132.238 - - [02/Mar/2022:02:44:07 +0900] "HEAD /reibun/iPad/webalizer/ HTTP/1.1" 206 - "https://petroplast-group.ru/" "Mozilla/5.0 (Windows NT 10.0; Win64; x64) AppleWebKit/537.36"
157.97.132.238 - - [02/Mar/2022:02:44:12 +0900] "HEAD /reibun/iPad/webalizer/ HTTP/1.1" 206 - "https://petroplast-group.ru/" "Mozilla/5.0 (Windows NT 10.0; Win64; x64) AppleWebKit/537.36"
157.97.132.238 - - [02/Mar/2022:02:44:17 +0900] "HEAD /reibun/iPad/webalizer/ HTTP/1.1" 206 - "https://petroplast-group.ru/" "Mozilla/5.0 (Windows NT 10.0; Win64; x64) AppleWebKit/537.36"
157.97.132.238 - - [02/Mar/2022:02:44:23 +0900] "HEAD /reibun/iPad/webalizer/ HTTP/1.1" 206 - "https://petroplast-group.ru/" "Mozilla/5.0 (Windows NT 10.0; Win64; x64) AppleWebKit/537.36"
157.97.132.238 - - [02/Mar/2022:02:44:28 +0900] "HEAD /reibun/iPad/webalizer/ HTTP/1.1" 206 - "https://petroplast-group.ru/" "Mozilla/5.0 (Windows NT 10.0; Win64; x64) AppleWebKit/537.36"
157.97.132.238 - - [02/Mar/2022:02:44:33 +0900] "HEAD /reibun/iPad/webalizer/ HTTP/1.1" 206 - "https://petroplast-group.ru/" "Mozilla/5.0 (Windows NT 10.0; Win64; x64) AppleWebKit/537.36"
157.97.132.238 - - [02/Mar/2022:02:44:38 +0900] "HEAD /reibun/iPad/webalizer/ HTTP/1.1" 206 - "https://petroplast-group.ru/" "Mozilla/5.0 (Windows NT 10.0; Win64; x64) AppleWebKit/537.36"
157.97.132.238 - - [02/Mar/2022:02:44:42 +0900] "HEAD /reibun/iPad/webalizer/ HTTP/1.1" 206 - "https://petroplast-group.ru/" "Mozilla/5.0 (Windows NT 10.0; Win64; x64) AppleWebKit/537.36"
157.97.132.238 - - [02/Mar/2022:02:44:47 +0900] "HEAD /reibun/iPad/webalizer/ HTTP/1.1" 206 - "https://petroplast-group.ru/" "Mozilla/5.0 (Windows NT 10.0; Win64; x64) AppleWebKit/537.36"
157.97.132.238 - - [02/Mar/2022:02:44:52 +0900] "HEAD /reibun/iPad/webalizer/ HTTP/1.1" 206 - "https://petroplast-group.ru/" "Mozilla/5.0 (Windows NT 10.0; Win64; x64) AppleWebKit/537.36"
157.97.132.238 - - [02/Mar/2022:02:44:57 +0900] "HEAD /reibun/iPad/webalizer/ HTTP/1.1" 206 - "https://petroplast-group.ru/" "Mozilla/5.0 (Windows NT 10.0; Win64; x64) AppleWebKit/537.36"
157.97.132.238 - - [02/Mar/2022:02:45:02 +0900] "HEAD /reibun/iPad/webalizer/ HTTP/1.1" 206 - "https://petroplast-group.ru/" "Mozilla/5.0 (Windows NT 10.0; Win64; x64) AppleWebKit/537.36"
157.97.132.238 - - [02/Mar/2022:02:45:07 +0900] "HEAD /reibun/iPad/webalizer/ HTTP/1.1" 206 - "https://petroplast-group.ru/" "Mozilla/5.0 (Windows NT 10.0; Win64; x64) AppleWebKit/537.36"
157.97.132.238 - - [02/Mar/2022:02:45:12 +0900] "HEAD /reibun/iPad/webalizer/ HTTP/1.1" 206 - "https://petroplast-group.ru/" "Mozilla/5.0 (Windows NT 10.0; Win64; x64) AppleWebKit/537.36"
157.97.132.238 - - [02/Mar/2022:02:45:16 +0900] "HEAD /reibun/iPad/webalizer/ HTTP/1.1" 206 - "https://petroplast-group.ru/" "Mozilla/5.0 (Windows NT 10.0; Win64; x64) AppleWebKit/537.36"
157.97.132.238 - - [02/Mar/2022:02:45:21 +0900] "HEAD /reibun/iPad/webalizer/ HTTP/1.1" 206 - "https://petroplast-group.ru/" "Mozilla/5.0 (Windows NT 10.0; Win64; x64) AppleWebKit/537.36"
157.97.132.238 - - [02/Mar/2022:02:45:26 +0900] "HEAD /reibun/iPad/webalizer/ HTTP/1.1" 206 - "https://petroplast-group.ru/" "Mozilla/5.0 (Windows NT 10.0; Win64; x64) AppleWebKit/537.36"
157.97.132.238 - - [02/Mar/2022:02:45:31 +0900] "HEAD /reibun/iPad/webalizer/ HTTP/1.1" 206 - "https://petroplast-group.ru/" "Mozilla/5.0 (Windows NT 10.0; Win64; x64) AppleWebKit/537.36"
157.97.132.238 - - [02/Mar/2022:02:45:36 +0900] "HEAD /reibun/iPad/webalizer/ HTTP/1.1" 206 - "https://petroplast-group.ru/" "Mozilla/5.0 (Windows NT 10.0; Win64; x64) AppleWebKit/537.36"
157.97.132.238 - - [02/Mar/2022:02:45:40 +0900] "HEAD /reibun/iPad/webalizer/ HTTP/1.1" 206 - "https://petroplast-group.ru/" "Mozilla/5.0 (Windows NT 10.0; Win64; x64) AppleWebKit/537.36"
157.97.132.238 - - [02/Mar/2022:02:45:45 +0900] "HEAD /reibun/iPad/webalizer/ HTTP/1.1" 206 - "https://petroplast-group.ru/" "Mozilla/5.0 (Windows NT 10.0; Win64; x64) AppleWebKit/537.36"
157.97.132.238 - - [02/Mar/2022:02:45:50 +0900] "HEAD /reibun/iPad/webalizer/ HTTP/1.1" 206 - "https://petroplast-group.ru/" "Mozilla/5.0 (Windows NT 10.0; Win64; x64) AppleWebKit/537.36"
157.97.132.238 - - [02/Mar/2022:02:45:55 +0900] "HEAD /reibun/iPad/webalizer/ HTTP/1.1" 206 - "https://petroplast-group.ru/" "Mozilla/5.0 (Windows NT 10.0; Win64; x64) AppleWebKit/537.36"
157.97.132.238 - - [02/Mar/2022:02:46:01 +0900] "HEAD /reibun/iPad/webalizer/ HTTP/1.1" 206 - "https://petroplast-group.ru/" "Mozilla/5.0 (Windows NT 10.0; Win64; x64) AppleWebKit/537.36"
157.97.132.238 - - [02/Mar/2022:02:46:07 +0900] "HEAD /reibun/iPad/webalizer/ HTTP/1.1" 206 - "https://petroplast-group.ru/" "Mozilla/5.0 (Windows NT 10.0; Win64; x64) AppleWebKit/537.36"
157.97.132.238 - - [02/Mar/2022:02:46:12 +0900] "HEAD /reibun/iPad/webalizer/ HTTP/1.1" 206 - "https://petroplast-group.ru/" "Mozilla/5.0 (Windows NT 10.0; Win64; x64) AppleWebKit/537.36"
157.97.132.238 - - [02/Mar/2022:02:46:17 +0900] "HEAD /reibun/iPad/webalizer/ HTTP/1.1" 206 - "https://petroplast-group.ru/" "Mozilla/5.0 (Windows NT 10.0; Win64; x64) AppleWebKit/537.36"
157.97.132.238 - - [02/Mar/2022:02:46:22 +0900] "HEAD /reibun/iPad/webalizer/ HTTP/1.1" 206 - "https://petroplast-group.ru/" "Mozilla/5.0 (Windows NT 10.0; Win64; x64) AppleWebKit/537.36"
66.160.140.184 - - [02/Mar/2022:02:46:26 +0900] "GET /reibun/iPad/mini/2012/iOS7/map/start/0001/index.html HTTP/1.1" 200 3330 "-" "The Knowledge AI"
66.160.140.184 - - [02/Mar/2022:02:46:26 +0900] "GET /reibun/iPad/mini/2012/initialize/setup/0001/index.html HTTP/1.1" 200 6977 "-" "The Knowledge AI"
157.97.132.238 - - [02/Mar/2022:02:46:27 +0900] "HEAD /reibun/iPad/webalizer/ HTTP/1.1" 206 - "https://petroplast-group.ru/" "Mozilla/5.0 (Windows NT 10.0; Win64; x64) AppleWebKit/537.36"
157.97.132.238 - - [02/Mar/2022:02:46:32 +0900] "HEAD /reibun/iPad/webalizer/ HTTP/1.1" 206 - "https://petroplast-group.ru/" "Mozilla/5.0 (Windows NT 10.0; Win64; x64) AppleWebKit/537.36"
157.97.132.238 - - [02/Mar/2022:02:46:37 +0900] "HEAD /reibun/iPad/webalizer/ HTTP/1.1" 206 - "https://petroplast-group.ru/" "Mozilla/5.0 (Windows NT 10.0; Win64; x64) AppleWebKit/537.36"
66.160.140.184 - - [02/Mar/2022:02:46:38 +0900] "GET /reibun/iPad/mini/2012/iOS7/update/0001/index.html HTTP/1.1" 200 6169 "-" "The Knowledge AI"
66.160.140.184 - - [02/Mar/2022:02:46:39 +0900] "GET /reibun/iPad/mini/2012/etc/trouble/0001/index.html HTTP/1.1" 200 4708 "-" "The Knowledge AI"
66.160.140.184 - - [02/Mar/2022:02:46:39 +0900] "GET /reibun/iPad/mini/2012/screen/rotate/0002/index.html HTTP/1.1" 200 3421 "-" "The Knowledge AI"
157.97.132.238 - - [02/Mar/2022:02:46:42 +0900] "HEAD /reibun/iPad/webalizer/ HTTP/1.1" 206 - "https://petroplast-group.ru/" "Mozilla/5.0 (Windows NT 10.0; Win64; x64) AppleWebKit/537.36"
157.97.132.238 - - [02/Mar/2022:02:46:46 +0900] "HEAD /reibun/iPad/webalizer/ HTTP/1.1" 206 - "https://petroplast-group.ru/" "Mozilla/5.0 (Windows NT 10.0; Win64; x64) AppleWebKit/537.36"
66.160.140.184 - - [02/Mar/2022:02:46:52 +0900] "GET /reibun/iPad/mini/2012/screen/rotate/0001/index.html HTTP/1.1" 200 4339 "-" "The Knowledge AI"
157.97.132.238 - - [02/Mar/2022:02:46:51 +0900] "HEAD /reibun/iPad/webalizer/ HTTP/1.1" 206 - "https://petroplast-group.ru/" "Mozilla/5.0 (Windows NT 10.0; Win64; x64) AppleWebKit/537.36"
66.160.140.184 - - [02/Mar/2022:02:46:52 +0900] "GET /reibun/iPad/mini/2012/tethering/iPhone5/0001/index.html HTTP/1.1" 200 5456 "-" "The Knowledge AI"
66.160.140.184 - - [02/Mar/2022:02:46:52 +0900] "GET /reibun/iPad/mini/2012/tethering/Wi-Fi/0001/index.html HTTP/1.1" 200 4165 "-" "The Knowledge AI"
157.97.132.238 - - [02/Mar/2022:02:46:56 +0900] "HEAD /reibun/iPad/webalizer/ HTTP/1.1" 206 - "https://petroplast-group.ru/" "Mozilla/5.0 (Windows NT 10.0; Win64; x64) AppleWebKit/537.36"
157.97.132.238 - - [02/Mar/2022:02:47:01 +0900] "HEAD /reibun/iPad/webalizer/ HTTP/1.1" 206 - "https://petroplast-group.ru/" "Mozilla/5.0 (Windows NT 10.0; Win64; x64) AppleWebKit/537.36"
66.160.140.184 - - [02/Mar/2022:02:47:05 +0900] "GET /reibun/iPad/mini/2012/tethering/Bluetooth/0001/index.html HTTP/1.1" 200 3763 "-" "The Knowledge AI"
66.160.140.184 - - [02/Mar/2022:02:47:05 +0900] "GET /reibun/iPad/mini/2012/iTunes/buy/0001/index.html HTTP/1.1" 200 6285 "-" "The Knowledge AI"
66.160.140.184 - - [02/Mar/2022:02:47:05 +0900] "GET /reibun/iPad/mini/2012/iTunes/buy/0002/index.html HTTP/1.1" 200 4245 "-" "The Knowledge AI"
157.97.132.238 - - [02/Mar/2022:02:47:06 +0900] "HEAD /reibun/iPad/webalizer/ HTTP/1.1" 206 - "https://petroplast-group.ru/" "Mozilla/5.0 (Windows NT 10.0; Win64; x64) AppleWebKit/537.36"
157.97.132.238 - - [02/Mar/2022:02:47:11 +0900] "HEAD /reibun/iPad/webalizer/ HTTP/1.1" 206 - "https://petroplast-group.ru/" "Mozilla/5.0 (Windows NT 10.0; Win64; x64) AppleWebKit/537.36"
157.97.132.238 - - [02/Mar/2022:02:47:17 +0900] "HEAD /reibun/iPad/webalizer/ HTTP/1.1" 206 - "https://petroplast-group.ru/" "Mozilla/5.0 (Windows NT 10.0; Win64; x64) AppleWebKit/537.36"
66.160.140.184 - - [02/Mar/2022:02:47:18 +0900] "GET /reibun/iPad/mini/2012/iTunes/buy/0003/index.html HTTP/1.1" 200 4579 "-" "The Knowledge AI"
66.160.140.184 - - [02/Mar/2022:02:47:19 +0900] "GET /reibun/iPad/mini/2012/map/start/0001/index.html HTTP/1.1" 200 4104 "-" "The Knowledge AI"
157.97.132.238 - - [02/Mar/2022:02:47:21 +0900] "HEAD /reibun/iPad/webalizer/ HTTP/1.1" 206 - "https://petroplast-group.ru/" "Mozilla/5.0 (Windows NT 10.0; Win64; x64) AppleWebKit/537.36"
157.97.132.238 - - [02/Mar/2022:02:47:26 +0900] "HEAD /reibun/iPad/webalizer/ HTTP/1.1" 206 - "https://petroplast-group.ru/" "Mozilla/5.0 (Windows NT 10.0; Win64; x64) AppleWebKit/537.36"
157.97.132.238 - - [02/Mar/2022:02:47:31 +0900] "HEAD /reibun/iPad/webalizer/ HTTP/1.1" 206 - "https://petroplast-group.ru/" "Mozilla/5.0 (Windows NT 10.0; Win64; x64) AppleWebKit/537.36"
66.160.140.184 - - [02/Mar/2022:02:47:35 +0900] "GET /reibun/iPad/mini/2012/map/type/0001/index.html HTTP/1.1" 200 3058 "-" "The Knowledge AI"
66.160.140.184 - - [02/Mar/2022:02:47:35 +0900] "GET /reibun/iPad/mini/2012/map/position/0001/index.html HTTP/1.1" 200 2934 "-" "The Knowledge AI"
66.160.140.184 - - [02/Mar/2022:02:47:36 +0900] "GET /reibun/iPad/mini/2012/map/3D/0001/index.html HTTP/1.1" 200 3129 "-" "The Knowledge AI"
157.97.132.238 - - [02/Mar/2022:02:47:35 +0900] "HEAD /reibun/iPad/webalizer/ HTTP/1.1" 206 - "https://petroplast-group.ru/" "Mozilla/5.0 (Windows NT 10.0; Win64; x64) AppleWebKit/537.36"
157.97.132.238 - - [02/Mar/2022:02:47:40 +0900] "HEAD /reibun/iPad/webalizer/ HTTP/1.1" 206 - "https://petroplast-group.ru/" "Mozilla/5.0 (Windows NT 10.0; Win64; x64) AppleWebKit/537.36"
157.97.132.238 - - [02/Mar/2022:02:47:45 +0900] "HEAD /reibun/iPad/webalizer/ HTTP/1.1" 206 - "https://petroplast-group.ru/" "Mozilla/5.0 (Windows NT 10.0; Win64; x64) AppleWebKit/537.36"
66.160.140.184 - - [02/Mar/2022:02:47:48 +0900] "GET /reibun/iPad/mini/2012/map/operation/0001/index.html HTTP/1.1" 200 2623 "-" "The Knowledge AI"
66.160.140.184 - - [02/Mar/2022:02:47:48 +0900] "GET /reibun/iPad/mini/2012/map/pin/0001/index.html HTTP/1.1" 200 2855 "-" "The Knowledge AI"
66.160.140.184 - - [02/Mar/2022:02:47:49 +0900] "GET /reibun/iPad/mini/2012/map/pin/0002/index.html HTTP/1.1" 200 2987 "-" "The Knowledge AI"
66.160.140.184 - - [02/Mar/2022:02:47:49 +0900] "GET /reibun/iPad/mini/2012/map/route/0001/index.html HTTP/1.1" 200 4063 "-" "The Knowledge AI"
157.97.132.238 - - [02/Mar/2022:02:47:50 +0900] "HEAD /reibun/iPad/webalizer/ HTTP/1.1" 206 - "https://petroplast-group.ru/" "Mozilla/5.0 (Windows NT 10.0; Win64; x64) AppleWebKit/537.36"
157.97.132.238 - - [02/Mar/2022:02:47:55 +0900] "HEAD /reibun/iPad/webalizer/ HTTP/1.1" 206 - "https://petroplast-group.ru/" "Mozilla/5.0 (Windows NT 10.0; Win64; x64) AppleWebKit/537.36"
157.97.132.238 - - [02/Mar/2022:02:48:00 +0900] "HEAD /reibun/iPad/webalizer/ HTTP/1.1" 206 - "https://petroplast-group.ru/" "Mozilla/5.0 (Windows NT 10.0; Win64; x64) AppleWebKit/537.36"
66.160.140.184 - - [02/Mar/2022:02:48:02 +0900] "GET /reibun/iPad/mini/2012/map/MapFan/0001/index.html HTTP/1.1" 200 4959 "-" "The Knowledge AI"
66.160.140.184 - - [02/Mar/2022:02:48:02 +0900] "GET /reibun/iPad/mini/2012/map/GoogleMaps/0001/index.html HTTP/1.1" 200 4002 "-" "The Knowledge AI"
66.160.140.184 - - [02/Mar/2022:02:48:02 +0900] "GET /reibun/iPad/mini/2012/map/GoogleMaps/0002/index.html HTTP/1.1" 200 3456 "-" "The Knowledge AI"
157.97.132.238 - - [02/Mar/2022:02:48:05 +0900] "HEAD /reibun/iPad/webalizer/ HTTP/1.1" 206 - "https://petroplast-group.ru/" "Mozilla/5.0 (Windows NT 10.0; Win64; x64) AppleWebKit/537.36"
157.97.132.238 - - [02/Mar/2022:02:48:10 +0900] "HEAD /reibun/iPad/webalizer/ HTTP/1.1" 206 - "https://petroplast-group.ru/" "Mozilla/5.0 (Windows NT 10.0; Win64; x64) AppleWebKit/537.36"
66.160.140.184 - - [02/Mar/2022:02:48:15 +0900] "GET /reibun/iPad/mini/2012/map/GoogleMaps/0101/index.html HTTP/1.1" 200 3238 "-" "The Knowledge AI"
66.160.140.184 - - [02/Mar/2022:02:48:15 +0900] "GET /reibun/iPad/mini/2012/map/GoogleMaps/0102/index.html HTTP/1.1" 200 2950 "-" "The Knowledge AI"
66.160.140.184 - - [02/Mar/2022:02:48:16 +0900] "GET /reibun/iPad/mini/2012/map/GoogleMaps/0201/index.html HTTP/1.1" 200 3181 "-" "The Knowledge AI"
66.160.140.184 - - [02/Mar/2022:02:48:16 +0900] "GET /reibun/iPad/mini/2012/map/GoogleMaps/0301/index.html HTTP/1.1" 200 3313 "-" "The Knowledge AI"
157.97.132.238 - - [02/Mar/2022:02:48:15 +0900] "HEAD /reibun/iPad/webalizer/ HTTP/1.1" 206 - "https://petroplast-group.ru/" "Mozilla/5.0 (Windows NT 10.0; Win64; x64) AppleWebKit/537.36"
157.97.132.238 - - [02/Mar/2022:02:48:20 +0900] "HEAD /reibun/iPad/webalizer/ HTTP/1.1" 206 - "https://petroplast-group.ru/" "Mozilla/5.0 (Windows NT 10.0; Win64; x64) AppleWebKit/537.36"
157.97.132.238 - - [02/Mar/2022:02:48:25 +0900] "HEAD /reibun/iPad/webalizer/ HTTP/1.1" 206 - "https://petroplast-group.ru/" "Mozilla/5.0 (Windows NT 10.0; Win64; x64) AppleWebKit/537.36"
66.160.140.184 - - [02/Mar/2022:02:48:28 +0900] "GET /reibun/iPad/mini/2012/camera/snapshot/0001/index.html HTTP/1.1" 200 3731 "-" "The Knowledge AI"
157.97.132.238 - - [02/Mar/2022:02:48:30 +0900] "HEAD /reibun/iPad/webalizer/ HTTP/1.1" 206 - "https://petroplast-group.ru/" "Mozilla/5.0 (Windows NT 10.0; Win64; x64) AppleWebKit/537.36"
157.97.132.238 - - [02/Mar/2022:02:48:35 +0900] "HEAD /reibun/iPad/webalizer/ HTTP/1.1" 206 - "https://petroplast-group.ru/" "Mozilla/5.0 (Windows NT 10.0; Win64; x64) AppleWebKit/537.36"
154.13.1.191 - - [02/Mar/2022:02:48:35 +0900] "GET /reibun/iPad/webalizer/usage_201409.html HTTP/1.0" 200 306685 "https://torospa.ru/dopolneniya/nasladites-dopolneniem-urologicheskiy-massag" "Mozilla/5.0 (Windows NT 10.0; Win64; x64) AppleWebKit/537.36 (KHTML, like Gecko) Chrome/90.0.4430.85 Safari/537.36 Edg/90.0.818.46"
157.97.132.238 - - [02/Mar/2022:02:48:40 +0900] "HEAD /reibun/iPad/webalizer/ HTTP/1.1" 206 - "https://petroplast-group.ru/" "Mozilla/5.0 (Windows NT 10.0; Win64; x64) AppleWebKit/537.36"
66.160.140.184 - - [02/Mar/2022:02:48:41 +0900] "GET /reibun/iPad/mini/2012/camera/focus/0001/index.html HTTP/1.1" 200 3077 "-" "The Knowledge AI"
66.160.140.184 - - [02/Mar/2022:02:48:41 +0900] "GET /reibun/iPad/mini/2012/camera/change/0001/index.html HTTP/1.1" 200 3098 "-" "The Knowledge AI"
154.13.1.191 - - [02/Mar/2022:02:48:41 +0900] "GET /reibun/iPad/mini/2012/bluetooth/keyboard/0001/ HTTP/1.0" 200 6117 "https://torospa.ru/devushki/kira/" "Mozilla/5.0 (Windows NT 6.3; Win64; x64) AppleWebKit/537.36 (KHTML, like Gecko) Chrome/90.0.4430.85 Safari/537.36 Edg/90.0.818.49"
66.160.140.184 - - [02/Mar/2022:02:48:41 +0900] "GET /reibun/iPad/mini/2012/app/iBunkoHD/0001/index.html HTTP/1.1" 200 3344 "-" "The Knowledge AI"
154.13.1.191 - - [02/Mar/2022:02:48:44 +0900] "GET /reibun/iPad/mini/2012/address_book/regist/0001/ HTTP/1.0" 200 3043 "https://torospa.ru/devushki/oshuti-nezhniy-ruki-strastnoy-massagistki-eriki/" "Mozilla/5.0 (Windows NT 10.0; Win64; x64) AppleWebKit/537.36 (KHTML, like Gecko) Chrome/90.0.4430.85 Safari/537.36 Edg/90.0.818.46"
157.97.132.238 - - [02/Mar/2022:02:48:45 +0900] "HEAD /reibun/iPad/webalizer/ HTTP/1.1" 206 - "https://petroplast-group.ru/" "Mozilla/5.0 (Windows NT 10.0; Win64; x64) AppleWebKit/537.36"
154.13.1.191 - - [02/Mar/2022:02:48:47 +0900] "GET /reibun/iPad/mini/2012/tips/spring_board/0001/ HTTP/1.0" 200 2863 "https://torospa.ru/dopolneniya/priglashaem-klientov-na-seans-massaga-travynimi-meshochkami" "Mozilla/5.0 (Windows NT 10.0; Win64; x64) AppleWebKit/537.36 (KHTML, like Gecko) Chrome/90.0.4430.85 Safari/537.36"
154.13.1.191 - - [02/Mar/2022:02:48:49 +0900] "GET /reibun/iPad/mini/2012/tips/spring_board/0002/ HTTP/1.0" 200 2881 "https://torospa.ru" "Mozilla/5.0 (Windows NT 6.1; WOW64) AppleWebKit/537.36 (KHTML, like Gecko) Chrome/90.0.4430.72 Safari/537.36"
157.97.132.238 - - [02/Mar/2022:02:48:50 +0900] "HEAD /reibun/iPad/webalizer/ HTTP/1.1" 206 - "https://petroplast-group.ru/" "Mozilla/5.0 (Windows NT 10.0; Win64; x64) AppleWebKit/537.36"
154.13.1.191 - - [02/Mar/2022:02:48:52 +0900] "GET /reibun/iPad/mini/2012/bluetooth/keyboard/ HTTP/1.0" 200 804 "https://torospa.ru/" "Mozilla/5.0 (Windows NT 10.0; WOW64) AppleWebKit/537.36 (KHTML, like Gecko) Chrome/90.0.4430.72 Safari/537.36"
66.160.140.184 - - [02/Mar/2022:02:48:54 +0900] "GET /reibun/iPad/mini/2012/app/iBunkoHD/0002/index.html HTTP/1.1" 200 3271 "-" "The Knowledge AI"
66.160.140.184 - - [02/Mar/2022:02:48:54 +0900] "GET /reibun/iPad/mini/2012/app/Kindle/0001/index.html HTTP/1.1" 200 3382 "-" "The Knowledge AI"
66.160.140.184 - - [02/Mar/2022:02:48:55 +0900] "GET /reibun/iPad/mini/2012/app/Kindle/0002/index.html HTTP/1.1" 200 3184 "-" "The Knowledge AI"
154.13.1.191 - - [02/Mar/2022:02:48:55 +0900] "GET /reibun/iPad/mini/2012/bluetooth/keyboard/0001/ HTTP/1.0" 200 6117 "https://torospa.ru/dopolneniya/priglashaem-klientov-na-dopolnenie-penniy-massag" "Mozilla/5.0 (Windows NT 6.1; WOW64) AppleWebKit/537.36 (KHTML, like Gecko) Chrome/90.0.4430.93 Safari/537.36"
66.160.140.184 - - [02/Mar/2022:02:48:55 +0900] "GET /reibun/iPad/mini/2012/app/Kindle/0003/index.html HTTP/1.1" 200 4002 "-" "The Knowledge AI"
157.97.132.238 - - [02/Mar/2022:02:48:55 +0900] "HEAD /reibun/iPad/webalizer/ HTTP/1.1" 206 - "https://petroplast-group.ru/" "Mozilla/5.0 (Windows NT 10.0; Win64; x64) AppleWebKit/537.36"
154.13.1.191 - - [02/Mar/2022:02:48:57 +0900] "GET /reibun/iPad/mini/2012/address_book/regist/0001/ HTTP/1.0" 200 3043 "https://torospa.ru/blog/karsay-massage-dlya-muzhchin" "Mozilla/5.0 (Windows NT 6.1; WOW64) AppleWebKit/537.36 (KHTML, like Gecko) Chrome/90.0.4430.85 Safari/537.36"
154.13.1.191 - - [02/Mar/2022:02:49:00 +0900] "GET /reibun/iPad/mini/2012/address_book/regist/ HTTP/1.0" 200 818 "https://torospa.ru/dopolneniya/priglashaem-lubiteley-relaksa-oprobovat-massag-bambukovimi-venikami" "Mozilla/5.0 (Windows NT 6.1) AppleWebKit/537.36 (KHTML, like Gecko) Chrome/90.0.4430.72 Safari/537.36"
157.97.132.238 - - [02/Mar/2022:02:49:00 +0900] "HEAD /reibun/iPad/webalizer/ HTTP/1.1" 206 - "https://petroplast-group.ru/" "Mozilla/5.0 (Windows NT 10.0; Win64; x64) AppleWebKit/537.36"
154.13.1.191 - - [02/Mar/2022:02:49:03 +0900] "GET /reibun/iPad/mini/2012/bluetooth/keyboard/0001/ HTTP/1.0" 200 6117 "https://torospa.ru/programmy/priglashaem-na-dlitelniy-massage-v-eroclub-dlya-muzhchin" "Mozilla/5.0 (Windows NT 10.0; WOW64) AppleWebKit/537.36 (KHTML, like Gecko) Chrome/90.0.4430.93 Safari/537.36"
154.13.1.191 - - [02/Mar/2022:02:49:06 +0900] "GET /reibun/iPad/mini/2012/address_book/regist/0001/ HTTP/1.0" 200 3043 "https://torospa.ru/programmy/sultan/" "Mozilla/5.0 (Windows NT 10.0; Win64; x64) AppleWebKit/537.36 (KHTML, like Gecko) Chrome/90.0.4430.85 Safari/537.36"
157.97.132.238 - - [02/Mar/2022:02:49:05 +0900] "HEAD /reibun/iPad/webalizer/ HTTP/1.1" 206 - "https://petroplast-group.ru/" "Mozilla/5.0 (Windows NT 10.0; Win64; x64) AppleWebKit/537.36"
66.160.140.184 - - [02/Mar/2022:02:49:08 +0900] "GET /reibun/iPad/mini/2012/app/iBooks/0001/index.html HTTP/1.1" 200 4479 "-" "The Knowledge AI"
