66.160.140.184 - - [02/Mar/2022:02:49:08 +0900] "GET /reibun/iPad/mini/2012/app/iBooks/0002/index.html HTTP/1.1" 200 3096 "-" "The Knowledge AI"
66.160.140.184 - - [02/Mar/2022:02:49:08 +0900] "GET /reibun/iPad/mini/2012/app/iBooks/0003/index.html HTTP/1.1" 200 3876 "-" "The Knowledge AI"
154.13.1.191 - - [02/Mar/2022:02:49:08 +0900] "GET /reibun/iPad/mini/2012/tips/spring_board/0001/ HTTP/1.0" 200 2863 "https://torospa.ru/blog/tantricheskiy-massage-dlya-muzhchin" "Mozilla/5.0 (Windows NT 6.3; Win64; x64) AppleWebKit/537.36 (KHTML, like Gecko) Chrome/90.0.4430.85 Safari/537.36"
157.97.132.238 - - [02/Mar/2022:02:49:10 +0900] "HEAD /reibun/iPad/webalizer/ HTTP/1.1" 206 - "https://petroplast-group.ru/" "Mozilla/5.0 (Windows NT 10.0; Win64; x64) AppleWebKit/537.36"
154.13.1.191 - - [02/Mar/2022:02:49:11 +0900] "GET /reibun/iPad/mini/2012/tips/spring_board/0002/ HTTP/1.0" 200 2881 "https://torospa.ru/programmy" "Mozilla/5.0 (Windows NT 6.1) AppleWebKit/537.36 (KHTML, like Gecko) Chrome/90.0.4430.72 Safari/537.36"
154.13.1.191 - - [02/Mar/2022:02:49:14 +0900] "GET /reibun/iPad/mini/2012/bluetooth/keyboard/ HTTP/1.0" 200 804 "https://torospa.ru/programmy/all-inclusive/" "Mozilla/5.0 (Windows NT 10.0; Win64; x64) AppleWebKit/537.36 (KHTML, like Gecko) Chrome/90.0.4430.86 Safari/537.36"
157.97.132.238 - - [02/Mar/2022:02:49:15 +0900] "HEAD /reibun/iPad/webalizer/ HTTP/1.1" 206 - "https://petroplast-group.ru/" "Mozilla/5.0 (Windows NT 10.0; Win64; x64) AppleWebKit/537.36"
154.13.1.191 - - [02/Mar/2022:02:49:16 +0900] "GET /reibun/iPad/mini/2012/bluetooth/keyboard/0001/ HTTP/1.0" 200 6117 "https://torospa.ru/programmy/raskroyte-tayni-sekretnogo-massaga-toro-v-eroticheskom-muzhskom-klube" "Mozilla/5.0 (Windows NT 10.0) AppleWebKit/537.36 (KHTML, like Gecko) Chrome/90.0.4430.85 Safari/537.36 Edg/90.0.818.46"
157.97.132.238 - - [02/Mar/2022:02:49:20 +0900] "HEAD /reibun/iPad/webalizer/ HTTP/1.1" 206 - "https://petroplast-group.ru/" "Mozilla/5.0 (Windows NT 10.0; Win64; x64) AppleWebKit/537.36"
66.160.140.184 - - [02/Mar/2022:02:49:21 +0900] "GET /reibun/iPad/mini/2012/app/iBooks/0004/index.html HTTP/1.1" 200 3326 "-" "The Knowledge AI"
66.160.140.184 - - [02/Mar/2022:02:49:21 +0900] "GET /reibun/iPad/mini/2012/app/Tenki/0001/index.html HTTP/1.1" 200 3343 "-" "The Knowledge AI"
66.160.140.184 - - [02/Mar/2022:02:49:21 +0900] "GET /reibun/iPad/mini/2012/app/Tenki/0002/index.html HTTP/1.1" 200 4208 "-" "The Knowledge AI"
66.160.140.184 - - [02/Mar/2022:02:49:22 +0900] "GET /reibun/iPad/mini/2012/app/WeatherNews/0001/index.html HTTP/1.1" 200 3359 "-" "The Knowledge AI"
157.97.132.238 - - [02/Mar/2022:02:49:25 +0900] "HEAD /reibun/iPad/webalizer/ HTTP/1.1" 206 - "https://petroplast-group.ru/" "Mozilla/5.0 (Windows NT 10.0; Win64; x64) AppleWebKit/537.36"
157.97.132.238 - - [02/Mar/2022:02:49:30 +0900] "HEAD /reibun/iPad/webalizer/ HTTP/1.1" 206 - "https://petroplast-group.ru/" "Mozilla/5.0 (Windows NT 10.0; Win64; x64) AppleWebKit/537.36"
66.160.140.184 - - [02/Mar/2022:02:49:34 +0900] "GET /reibun/iPad/mini/2012/app/WeatherNews/0002/index.html HTTP/1.1" 200 5612 "-" "The Knowledge AI"
66.160.140.184 - - [02/Mar/2022:02:49:35 +0900] "GET /reibun/iPad/mini/2012/notification/view/0001/index.html HTTP/1.1" 200 2566 "-" "The Knowledge AI"
66.160.140.184 - - [02/Mar/2022:02:49:35 +0900] "GET /reibun/iPad/mini/2012/notification/delete/0001/index.html HTTP/1.1" 200 2958 "-" "The Knowledge AI"
157.97.132.238 - - [02/Mar/2022:02:49:35 +0900] "HEAD /reibun/iPad/webalizer/ HTTP/1.1" 206 - "https://petroplast-group.ru/" "Mozilla/5.0 (Windows NT 10.0; Win64; x64) AppleWebKit/537.36"
157.97.132.238 - - [02/Mar/2022:02:49:40 +0900] "HEAD /reibun/iPad/webalizer/ HTTP/1.1" 206 - "https://petroplast-group.ru/" "Mozilla/5.0 (Windows NT 10.0; Win64; x64) AppleWebKit/537.36"
5.188.210.36 - - [02/Mar/2022:02:49:31 +0900] "GET /reibun/iPad/webalizer/usage_202109.html HTTP/1.0" 200 335700 "http://www.openspc2.org/reibun/iPad/webalizer/usage_202109.html" "Mozilla/5.0 (Windows NT 10.0; Win64; x64) AppleWebKit/537.36 (KHTML, like Gecko) Chrome/90.0.4430.85 Safari/537.36 Edg/90.0.818.49"
5.188.210.36 - - [02/Mar/2022:02:49:44 +0900] "GET /reibun/iPad/mini/2012/bluetooth/keyboard/0001/ HTTP/1.0" 200 6117 "http://www.openspc2.org/reibun/iPad/mini/2012/bluetooth/keyboard/0001/" "Mozilla/5.0 (Windows NT 10.0; Win64; x64) AppleWebKit/537.36 (KHTML, like Gecko) Chrome/90.0.4430.85 Safari/537.36 Edg/90.0.818.49"
157.97.132.238 - - [02/Mar/2022:02:49:45 +0900] "HEAD /reibun/iPad/webalizer/ HTTP/1.1" 206 - "https://petroplast-group.ru/" "Mozilla/5.0 (Windows NT 10.0; Win64; x64) AppleWebKit/537.36"
5.188.210.36 - - [02/Mar/2022:02:49:48 +0900] "GET /reibun/iPad/mini/2012/tips/spring_board/0001/ HTTP/1.0" 200 2863 "http://www.openspc2.org/reibun/iPad/mini/2012/tips/spring_board/0001/" "Mozilla/5.0 (Windows NT 10.0; Win64; x64) AppleWebKit/537.36 (KHTML, like Gecko) Chrome/90.0.4430.85 Safari/537.36 Edg/90.0.818.49"
66.160.140.184 - - [02/Mar/2022:02:49:48 +0900] "GET /reibun/iPad/mini/2012/clock/start/0001/index.html HTTP/1.1" 200 3230 "-" "The Knowledge AI"
66.160.140.184 - - [02/Mar/2022:02:49:48 +0900] "GET /reibun/iPad/mini/2012/clock/timer/0001/index.html HTTP/1.1" 200 3447 "-" "The Knowledge AI"
66.160.140.184 - - [02/Mar/2022:02:49:48 +0900] "GET /reibun/iPad/mini/2012/calendar/start/0001/index.html HTTP/1.1" 200 3082 "-" "The Knowledge AI"
5.188.210.36 - - [02/Mar/2022:02:49:48 +0900] "GET /reibun/iPad/mini/2012/tips/spring_board/0002/ HTTP/1.0" 200 2881 "http://www.openspc2.org/reibun/iPad/mini/2012/tips/spring_board/0002/" "Mozilla/5.0 (Windows NT 10.0; Win64; x64) AppleWebKit/537.36 (KHTML, like Gecko) Chrome/90.0.4430.85 Safari/537.36 Edg/90.0.818.49"
66.160.140.184 - - [02/Mar/2022:02:49:48 +0900] "GET /reibun/iPad/mini/2012/calendar/view/0001/index.html HTTP/1.1" 200 3184 "-" "The Knowledge AI"
5.188.210.36 - - [02/Mar/2022:02:49:49 +0900] "GET /reibun/iPad/mini/2012/bluetooth/keyboard/ HTTP/1.0" 200 804 "http://www.openspc2.org/reibun/iPad/mini/2012/bluetooth/keyboard/" "Mozilla/5.0 (Windows NT 10.0; Win64; x64) AppleWebKit/537.36 (KHTML, like Gecko) Chrome/90.0.4430.85 Safari/537.36 Edg/90.0.818.49"
157.97.132.238 - - [02/Mar/2022:02:49:50 +0900] "HEAD /reibun/iPad/webalizer/ HTTP/1.1" 206 - "https://petroplast-group.ru/" "Mozilla/5.0 (Windows NT 10.0; Win64; x64) AppleWebKit/537.36"
157.97.132.238 - - [02/Mar/2022:02:49:55 +0900] "HEAD /reibun/iPad/webalizer/ HTTP/1.1" 206 - "https://petroplast-group.ru/" "Mozilla/5.0 (Windows NT 10.0; Win64; x64) AppleWebKit/537.36"
66.160.140.184 - - [02/Mar/2022:02:50:01 +0900] "GET /reibun/iPad/mini/2012/calendar/edit/0001/index.html HTTP/1.1" 200 4147 "-" "The Knowledge AI"
157.97.132.238 - - [02/Mar/2022:02:50:00 +0900] "HEAD /reibun/iPad/webalizer/ HTTP/1.1" 206 - "https://petroplast-group.ru/" "Mozilla/5.0 (Windows NT 10.0; Win64; x64) AppleWebKit/537.36"
66.160.140.184 - - [02/Mar/2022:02:50:01 +0900] "GET /reibun/iPad/mini/2012/calendar/edit/0101/index.html HTTP/1.1" 200 2961 "-" "The Knowledge AI"
66.160.140.184 - - [02/Mar/2022:02:50:01 +0900] "GET /reibun/iPad/mini/2012/calendar/tips/0001/index.html HTTP/1.1" 200 3590 "-" "The Knowledge AI"
66.160.140.184 - - [02/Mar/2022:02:50:02 +0900] "GET /reibun/iPad/mini/2012/photo/delete/0001/index.html HTTP/1.1" 200 3763 "-" "The Knowledge AI"
157.97.132.238 - - [02/Mar/2022:02:50:05 +0900] "HEAD /reibun/iPad/webalizer/ HTTP/1.1" 206 - "https://petroplast-group.ru/" "Mozilla/5.0 (Windows NT 10.0; Win64; x64) AppleWebKit/537.36"
157.97.132.238 - - [02/Mar/2022:02:50:10 +0900] "HEAD /reibun/iPad/webalizer/ HTTP/1.1" 206 - "https://petroplast-group.ru/" "Mozilla/5.0 (Windows NT 10.0; Win64; x64) AppleWebKit/537.36"
66.160.140.184 - - [02/Mar/2022:02:50:14 +0900] "GET /reibun/iPad/mini/2012/photo/slide_show/0001/index.html HTTP/1.1" 200 3130 "-" "The Knowledge AI"
66.160.140.184 - - [02/Mar/2022:02:50:15 +0900] "GET /reibun/iPad/mini/2012/memo/start/0001/index.html HTTP/1.1" 200 3239 "-" "The Knowledge AI"
157.97.132.238 - - [02/Mar/2022:02:50:14 +0900] "HEAD /reibun/iPad/webalizer/ HTTP/1.1" 206 - "https://petroplast-group.ru/" "Mozilla/5.0 (Windows NT 10.0; Win64; x64) AppleWebKit/537.36"
157.97.132.238 - - [02/Mar/2022:02:50:19 +0900] "HEAD /reibun/iPad/webalizer/ HTTP/1.1" 206 - "https://petroplast-group.ru/" "Mozilla/5.0 (Windows NT 10.0; Win64; x64) AppleWebKit/537.36"
157.97.132.238 - - [02/Mar/2022:02:50:24 +0900] "HEAD /reibun/iPad/webalizer/ HTTP/1.1" 206 - "https://petroplast-group.ru/" "Mozilla/5.0 (Windows NT 10.0; Win64; x64) AppleWebKit/537.36"
66.160.140.184 - - [02/Mar/2022:02:50:28 +0900] "GET /reibun/iPad/mini/2012/address_book/regist/0001/index.html HTTP/1.1" 200 3043 "-" "The Knowledge AI"
66.160.140.184 - - [02/Mar/2022:02:50:28 +0900] "GET /reibun/iPad/mini/2012/twitter/install/0001/index.html HTTP/1.1" 200 3744 "-" "The Knowledge AI"
157.97.132.238 - - [02/Mar/2022:02:50:29 +0900] "HEAD /reibun/iPad/webalizer/ HTTP/1.1" 206 - "https://petroplast-group.ru/" "Mozilla/5.0 (Windows NT 10.0; Win64; x64) AppleWebKit/537.36"
157.97.132.238 - - [02/Mar/2022:02:50:34 +0900] "HEAD /reibun/iPad/webalizer/ HTTP/1.1" 206 - "https://petroplast-group.ru/" "Mozilla/5.0 (Windows NT 10.0; Win64; x64) AppleWebKit/537.36"
157.97.132.238 - - [02/Mar/2022:02:50:39 +0900] "HEAD /reibun/iPad/webalizer/ HTTP/1.1" 206 - "https://petroplast-group.ru/" "Mozilla/5.0 (Windows NT 10.0; Win64; x64) AppleWebKit/537.36"
66.160.140.184 - - [02/Mar/2022:02:50:41 +0900] "GET /reibun/iPad/mini/2012/twitter/start/0001/index.html HTTP/1.1" 200 4405 "-" "The Knowledge AI"
66.160.140.184 - - [02/Mar/2022:02:50:41 +0900] "GET /reibun/iPad/mini/2012/youtube/install/0001/index.html HTTP/1.1" 200 4560 "-" "The Knowledge AI"
66.160.140.184 - - [02/Mar/2022:02:50:41 +0900] "GET /reibun/iPad/mini/2012/browser/start/0001/index.html HTTP/1.1" 200 3601 "-" "The Knowledge AI"
157.97.132.238 - - [02/Mar/2022:02:50:44 +0900] "HEAD /reibun/iPad/webalizer/ HTTP/1.1" 206 - "https://petroplast-group.ru/" "Mozilla/5.0 (Windows NT 10.0; Win64; x64) AppleWebKit/537.36"
157.97.132.238 - - [02/Mar/2022:02:50:49 +0900] "HEAD /reibun/iPad/webalizer/ HTTP/1.1" 206 - "https://petroplast-group.ru/" "Mozilla/5.0 (Windows NT 10.0; Win64; x64) AppleWebKit/537.36"
66.160.140.184 - - [02/Mar/2022:02:50:54 +0900] "GET /reibun/iPad/mini/2012/network/Wi-Fi/0001/index.html HTTP/1.1" 200 4128 "-" "The Knowledge AI"
66.160.140.184 - - [02/Mar/2022:02:50:54 +0900] "GET /reibun/iPad/mini/2012/network/VNC_lite/0001/index.html HTTP/1.1" 200 4133 "-" "The Knowledge AI"
66.160.140.184 - - [02/Mar/2022:02:50:55 +0900] "GET /reibun/iPad/mini/2012/network/VNC_lite/0101/index.html HTTP/1.1" 200 4594 "-" "The Knowledge AI"
157.97.132.238 - - [02/Mar/2022:02:50:55 +0900] "HEAD /reibun/iPad/webalizer/ HTTP/1.1" 206 - "https://petroplast-group.ru/" "Mozilla/5.0 (Windows NT 10.0; Win64; x64) AppleWebKit/537.36"
157.97.132.238 - - [02/Mar/2022:02:50:59 +0900] "HEAD /reibun/iPad/webalizer/ HTTP/1.1" 206 - "https://petroplast-group.ru/" "Mozilla/5.0 (Windows NT 10.0; Win64; x64) AppleWebKit/537.36"
157.97.132.238 - - [02/Mar/2022:02:51:04 +0900] "HEAD /reibun/iPad/webalizer/ HTTP/1.1" 206 - "https://petroplast-group.ru/" "Mozilla/5.0 (Windows NT 10.0; Win64; x64) AppleWebKit/537.36"
66.160.140.184 - - [02/Mar/2022:02:51:07 +0900] "GET /reibun/iPad/mini/2012/network/VNC_lite/0201/index.html HTTP/1.1" 200 2826 "-" "The Knowledge AI"
66.160.140.184 - - [02/Mar/2022:02:51:07 +0900] "GET /reibun/iPad/mini/2012/network/VNC_lite/0202/index.html HTTP/1.1" 200 2711 "-" "The Knowledge AI"
66.160.140.184 - - [02/Mar/2022:02:51:08 +0900] "GET /reibun/iPad/mini/2012/network/VNC_lite/0203/index.html HTTP/1.1" 200 2941 "-" "The Knowledge AI"
66.160.140.184 - - [02/Mar/2022:02:51:08 +0900] "GET /reibun/iPad/mini/2012/bluetooth/keyboard/0001/index.html HTTP/1.1" 200 6117 "-" "The Knowledge AI"
207.46.13.211 - - [02/Mar/2022:02:51:09 +0900] "GET /reibun/iPad/mini/2012/bluetooth/keyboard/0001/ HTTP/1.1" 200 6117 "-" "Mozilla/5.0 (compatible; bingbot/2.0; +http://www.bing.com/bingbot.htm)"
157.97.132.238 - - [02/Mar/2022:02:51:09 +0900] "HEAD /reibun/iPad/webalizer/ HTTP/1.1" 206 - "https://petroplast-group.ru/" "Mozilla/5.0 (Windows NT 10.0; Win64; x64) AppleWebKit/537.36"
157.97.132.238 - - [02/Mar/2022:02:51:14 +0900] "HEAD /reibun/iPad/webalizer/ HTTP/1.1" 206 - "https://petroplast-group.ru/" "Mozilla/5.0 (Windows NT 10.0; Win64; x64) AppleWebKit/537.36"
157.97.132.238 - - [02/Mar/2022:02:51:19 +0900] "HEAD /reibun/iPad/webalizer/ HTTP/1.1" 206 - "https://petroplast-group.ru/" "Mozilla/5.0 (Windows NT 10.0; Win64; x64) AppleWebKit/537.36"
66.160.140.184 - - [02/Mar/2022:02:51:21 +0900] "GET /reibun/iPad/mini/2012/setting/info/0001/index.html HTTP/1.1" 200 3517 "-" "The Knowledge AI"
66.160.140.184 - - [02/Mar/2022:02:51:21 +0900] "GET /reibun/iPad/mini/2012/setting/display/0001/index.html HTTP/1.1" 200 3106 "-" "The Knowledge AI"
66.160.140.184 - - [02/Mar/2022:02:51:21 +0900] "GET /reibun/iPad/mini/2012/setting/display/0002/index.html HTTP/1.1" 200 3206 "-" "The Knowledge AI"
157.97.132.238 - - [02/Mar/2022:02:51:24 +0900] "HEAD /reibun/iPad/webalizer/ HTTP/1.1" 206 - "https://petroplast-group.ru/" "Mozilla/5.0 (Windows NT 10.0; Win64; x64) AppleWebKit/537.36"
157.97.132.238 - - [02/Mar/2022:02:51:29 +0900] "HEAD /reibun/iPad/webalizer/ HTTP/1.1" 206 - "https://petroplast-group.ru/" "Mozilla/5.0 (Windows NT 10.0; Win64; x64) AppleWebKit/537.36"
66.160.140.184 - - [02/Mar/2022:02:51:34 +0900] "GET /reibun/iPad/mini/2012/setting/display/0101/index.html HTTP/1.1" 200 4292 "-" "The Knowledge AI"
66.160.140.184 - - [02/Mar/2022:02:51:34 +0900] "GET /reibun/iPad/mini/2012/setting/etc/0001/index.html HTTP/1.1" 200 3073 "-" "The Knowledge AI"
157.97.132.238 - - [02/Mar/2022:02:51:34 +0900] "HEAD /reibun/iPad/webalizer/ HTTP/1.1" 206 - "https://petroplast-group.ru/" "Mozilla/5.0 (Windows NT 10.0; Win64; x64) AppleWebKit/537.36"
66.160.140.184 - - [02/Mar/2022:02:51:35 +0900] "GET /reibun/iPad/mini/2012/setting/language/0001/index.html HTTP/1.1" 200 3698 "-" "The Knowledge AI"
157.97.132.238 - - [02/Mar/2022:02:51:39 +0900] "HEAD /reibun/iPad/webalizer/ HTTP/1.1" 206 - "https://petroplast-group.ru/" "Mozilla/5.0 (Windows NT 10.0; Win64; x64) AppleWebKit/537.36"
157.97.132.238 - - [02/Mar/2022:02:51:44 +0900] "HEAD /reibun/iPad/webalizer/ HTTP/1.1" 206 - "https://petroplast-group.ru/" "Mozilla/5.0 (Windows NT 10.0; Win64; x64) AppleWebKit/537.36"
157.97.132.238 - - [02/Mar/2022:02:51:49 +0900] "HEAD /reibun/iPad/webalizer/ HTTP/1.1" 206 - "https://petroplast-group.ru/" "Mozilla/5.0 (Windows NT 10.0; Win64; x64) AppleWebKit/537.36"
66.160.140.184 - - [02/Mar/2022:02:51:50 +0900] "GET /reibun/iPad/mini/2012/OS/process/0001/index.html HTTP/1.1" 200 3659 "-" "The Knowledge AI"
66.160.140.184 - - [02/Mar/2022:02:51:50 +0900] "GET /reibun/iPad/mini/2012/OS/process/0101/index.html HTTP/1.1" 200 3050 "-" "The Knowledge AI"
66.160.140.184 - - [02/Mar/2022:02:51:51 +0900] "GET /reibun/iPad/mini/2012/capture/capture/0001/index.html HTTP/1.1" 200 2903 "-" "The Knowledge AI"
157.97.132.238 - - [02/Mar/2022:02:51:53 +0900] "HEAD /reibun/iPad/webalizer/ HTTP/1.1" 206 - "https://petroplast-group.ru/" "Mozilla/5.0 (Windows NT 10.0; Win64; x64) AppleWebKit/537.36"
157.97.132.238 - - [02/Mar/2022:02:51:58 +0900] "HEAD /reibun/iPad/webalizer/ HTTP/1.1" 206 - "https://petroplast-group.ru/" "Mozilla/5.0 (Windows NT 10.0; Win64; x64) AppleWebKit/537.36"
66.160.140.184 - - [02/Mar/2022:02:52:03 +0900] "GET /reibun/iPad/mini/2012/tips/spring_board/0001/index.html HTTP/1.1" 200 2863 "-" "The Knowledge AI"
66.160.140.184 - - [02/Mar/2022:02:52:03 +0900] "GET /reibun/iPad/mini/2012/tips/spring_board/0002/index.html HTTP/1.1" 200 2881 "-" "The Knowledge AI"
66.160.140.184 - - [02/Mar/2022:02:52:03 +0900] "GET /reibun/iPad/mini/2012/etc/revert/0001/index.html HTTP/1.1" 200 3304 "-" "The Knowledge AI"
157.97.132.238 - - [02/Mar/2022:02:52:03 +0900] "HEAD /reibun/iPad/webalizer/ HTTP/1.1" 206 - "https://petroplast-group.ru/" "Mozilla/5.0 (Windows NT 10.0; Win64; x64) AppleWebKit/537.36"
157.97.132.238 - - [02/Mar/2022:02:52:08 +0900] "HEAD /reibun/iPad/webalizer/ HTTP/1.1" 206 - "https://petroplast-group.ru/" "Mozilla/5.0 (Windows NT 10.0; Win64; x64) AppleWebKit/537.36"
157.97.132.238 - - [02/Mar/2022:02:52:13 +0900] "HEAD /reibun/iPad/webalizer/ HTTP/1.1" 206 - "https://petroplast-group.ru/" "Mozilla/5.0 (Windows NT 10.0; Win64; x64) AppleWebKit/537.36"
157.97.132.238 - - [02/Mar/2022:02:52:18 +0900] "HEAD /reibun/iPad/webalizer/ HTTP/1.1" 206 - "https://petroplast-group.ru/" "Mozilla/5.0 (Windows NT 10.0; Win64; x64) AppleWebKit/537.36"
157.97.132.238 - - [02/Mar/2022:02:52:23 +0900] "HEAD /reibun/iPad/webalizer/ HTTP/1.1" 206 - "https://petroplast-group.ru/" "Mozilla/5.0 (Windows NT 10.0; Win64; x64) AppleWebKit/537.36"
157.97.132.238 - - [02/Mar/2022:02:52:28 +0900] "HEAD /reibun/iPad/webalizer/ HTTP/1.1" 206 - "https://petroplast-group.ru/" "Mozilla/5.0 (Windows NT 10.0; Win64; x64) AppleWebKit/537.36"
157.97.132.238 - - [02/Mar/2022:02:52:33 +0900] "HEAD /reibun/iPad/webalizer/ HTTP/1.1" 206 - "https://petroplast-group.ru/" "Mozilla/5.0 (Windows NT 10.0; Win64; x64) AppleWebKit/537.36"
143.255.58.41 - - [02/Mar/2022:02:52:31 +0900] "GET /reibun/iPad/webalizer/usage_201409.html HTTP/1.0" 200 306685 "https://torospa.ru/dopolneniya/zhemchuzhnoe-ozhereln/" "Mozilla/5.0 (Windows NT 6.3; Win64; x64) AppleWebKit/537.36 (KHTML, like Gecko) Chrome/90.0.4430.85 Safari/537.36 Edg/90.0.818.46"
143.255.58.41 - - [02/Mar/2022:02:52:37 +0900] "GET /reibun/iPad/mini/2012/bluetooth/keyboard/0001/ HTTP/1.0" 200 6117 "https://torospa.ru/blog/polza-urologicheskogo-massazha/" "Mozilla/5.0 (Windows NT 6.2; Win64; x64) AppleWebKit/537.36 (KHTML, like Gecko) Chrome/90.0.4430.72 Safari/537.36"
143.255.58.41 - - [02/Mar/2022:02:52:40 +0900] "GET /reibun/iPad/mini/2012/address_book/regist/0001/ HTTP/1.0" 200 3043 "https://torospa.ru/devushki/seksualnaya-massagistka-kristina" "Mozilla/5.0 (Windows NT 10.0; Win64; x64) AppleWebKit/537.36 (KHTML, like Gecko) Chrome/90.0.4430.85 Safari/537.36 Edg/90.0.818.46"
143.255.58.41 - - [02/Mar/2022:02:52:43 +0900] "GET /reibun/iPad/mini/2012/tips/spring_board/0001/ HTTP/1.0" 200 2863 "https://torospa.ru" "Mozilla/5.0 (Windows NT 6.3; Win64; x64) AppleWebKit/537.36 (KHTML, like Gecko) Chrome/90.0.4430.85 Safari/537.36"
143.255.58.41 - - [02/Mar/2022:02:52:46 +0900] "GET /reibun/iPad/mini/2012/tips/spring_board/0002/ HTTP/1.0" 200 2881 "https://torospa.ru/dopolneniya/priglashaem-klientov-na-dopolnenie-penniy-massag" "Mozilla/5.0 (Windows NT 10.0; Win64; x64) AppleWebKit/537.36 (KHTML, like Gecko) Chrome/90.0.4430.72 Safari/537.36 Edg/90.0.818.39"
143.255.58.41 - - [02/Mar/2022:02:52:48 +0900] "GET /reibun/iPad/mini/2012/bluetooth/keyboard/ HTTP/1.0" 200 804 "https://torospa.ru/devushki/vip-massagistka-vika/" "Mozilla/5.0 (Windows NT 6.3; Win64; x64) AppleWebKit/537.36 (KHTML, like Gecko) Chrome/90.0.4430.85 Safari/537.36"
143.255.58.41 - - [02/Mar/2022:02:52:51 +0900] "GET /reibun/iPad/mini/2012/bluetooth/keyboard/0001/ HTTP/1.0" 200 6117 "https://torospa.ru/programmy/raskroyte-tayni-sekretnogo-massaga-toro-v-eroticheskom-muzhskom-klube" "Mozilla/5.0 (Windows NT 10.0; Win64; x64) AppleWebKit/537.36 (KHTML, like Gecko) Chrome/90.0.4430.93 Safari/537.36"
143.255.58.41 - - [02/Mar/2022:02:52:54 +0900] "GET /reibun/iPad/mini/2012/address_book/regist/0001/ HTTP/1.0" 200 3043 "https://torospa.ru/blog/eroticheskij-massazh-u-metro-obvodnyj-kanal/" "Mozilla/5.0 (Windows NT 6.1; ) AppleWebKit/537.36 (KHTML, like Gecko) Chrome/90.0.4430.72 Safari/537.36"
143.255.58.41 - - [02/Mar/2022:02:52:56 +0900] "GET /reibun/iPad/mini/2012/address_book/regist/ HTTP/1.0" 200 818 "https://torospa.ru/devushki/erika/" "Mozilla/5.0 (Windows NT 10.0; Win64; x64) AppleWebKit/537.36 (KHTML, like Gecko) Chrome/90.0.4430.72 Safari/537.36 Edg/90.0.818.39"
143.255.58.41 - - [02/Mar/2022:02:52:59 +0900] "GET /reibun/iPad/mini/2012/bluetooth/keyboard/0001/ HTTP/1.0" 200 6117 "https://torospa.ru/programmy/prodpopup-tproduct-317767979-1565888445288/" "Mozilla/5.0 (Windows NT 6.3) AppleWebKit/537.36 (KHTML, like Gecko) Chrome/90.0.4430.72 Safari/537.36"
143.255.58.41 - - [02/Mar/2022:02:53:02 +0900] "GET /reibun/iPad/mini/2012/address_book/regist/0001/ HTTP/1.0" 200 3043 "https://torospa.ru/blog/vidy-eroticheskih-massazhej/" "Mozilla/5.0 (Windows NT 6.3; Win64; x64) AppleWebKit/537.36 (KHTML, like Gecko) Chrome/90.0.4430.85 Safari/537.36"
143.255.58.41 - - [02/Mar/2022:02:53:00 +0900] "GET /reibun/iPad/webalizer/usage_201409.html HTTP/1.0" 200 306685 "https://spasalonhd.ru/" "Mozilla/5.0 (Windows NT 6.1; Win64; x64) AppleWebKit/537.36 (KHTML, like Gecko) Chrome/90.0.4430.85 Safari/537.36 Edg/90.0.818.49"
143.255.58.41 - - [02/Mar/2022:02:53:05 +0900] "GET /reibun/iPad/mini/2012/tips/spring_board/0001/ HTTP/1.0" 200 2863 "https://torospa.ru/dopolneniya/priglashaem-oprobovat-priyatnoe-dopolnenie-massag-apelsinami" "Mozilla/5.0 (Windows NT 6.1) AppleWebKit/537.36 (KHTML, like Gecko) Chrome/90.0.4430.93 Safari/537.36"
143.255.58.41 - - [02/Mar/2022:02:53:07 +0900] "GET /reibun/iPad/mini/2012/bluetooth/keyboard/0001/ HTTP/1.0" 200 6117 "https://spasalonhd.ru/gallery/" "Mozilla/5.0 (Windows NT 10.0) AppleWebKit/537.36 (KHTML, like Gecko) Chrome/90.0.4430.85 Safari/537.36"
143.255.58.41 - - [02/Mar/2022:02:53:07 +0900] "GET /reibun/iPad/mini/2012/tips/spring_board/0002/ HTTP/1.0" 200 2881 "https://torospa.ru/devushki/oshuti-nezhniy-ruki-strastnoy-massagistki-eriki/" "Mozilla/5.0 (Windows NT 10.0) AppleWebKit/537.36 (KHTML, like Gecko) Chrome/90.0.4430.85 Safari/537.36"
143.255.58.41 - - [02/Mar/2022:02:53:10 +0900] "GET /reibun/iPad/mini/2012/address_book/regist/0001/ HTTP/1.0" 200 3043 "https://spasalonhd.ru" "Mozilla/5.0 (Windows NT 10.0; WOW64) AppleWebKit/537.36 (KHTML, like Gecko) Chrome/90.0.4430.72 Safari/537.36"
143.255.58.41 - - [02/Mar/2022:02:53:10 +0900] "GET /reibun/iPad/mini/2012/bluetooth/keyboard/ HTTP/1.0" 200 804 "https://torospa.ru/programmy/sweet-dreams/" "Mozilla/5.0 (Windows NT 6.3; Win64; x64) AppleWebKit/537.36 (KHTML, like Gecko) Chrome/90.0.4430.85 Safari/537.36 Edg/90.0.818.49"
143.255.58.41 - - [02/Mar/2022:02:53:13 +0900] "GET /reibun/iPad/mini/2012/tips/spring_board/0001/ HTTP/1.0" 200 2863 "https://spasalonhd.ru/massages/pip-shou/" "Mozilla/5.0 (Windows NT 6.1) AppleWebKit/537.36 (KHTML, like Gecko) Chrome/90.0.4430.93 Safari/537.36"
143.255.58.41 - - [02/Mar/2022:02:53:13 +0900] "GET /reibun/iPad/mini/2012/bluetooth/keyboard/0001/ HTTP/1.0" 200 6117 "https://torospa.ru/blog/vidy-eroticheskih-massazhej/" "Mozilla/5.0 (Windows NT 6.3; Win64; x64) AppleWebKit/537.36 (KHTML, like Gecko) Chrome/90.0.4430.85 Safari/537.36"
143.255.58.41 - - [02/Mar/2022:02:53:15 +0900] "GET /reibun/iPad/mini/2012/tips/spring_board/0002/ HTTP/1.0" 200 2881 "https://spasalonhd.ru/articles/tantricheskij-massazh/" "Mozilla/5.0 (Windows NT 10.0; WOW64) AppleWebKit/537.36 (KHTML, like Gecko) Chrome/90.0.4400.8 Safari/537.36"
143.255.58.41 - - [02/Mar/2022:02:53:18 +0900] "GET /reibun/iPad/mini/2012/bluetooth/keyboard/ HTTP/1.0" 200 804 "https://spasalonhd.ru/articles/courses/" "Mozilla/5.0 (Windows NT 10.0; Win64; x64) AppleWebKit/537.36 (KHTML, like Gecko) Chrome/90.0.4430.72 Safari/537.36 Edg/90.0.818.42"
143.255.58.41 - - [02/Mar/2022:02:53:21 +0900] "GET /reibun/iPad/mini/2012/bluetooth/keyboard/0001/ HTTP/1.0" 200 6117 "https://spasalonhd.ru/" "Mozilla/5.0 (Windows NT 10.0) AppleWebKit/537.36 (KHTML, like Gecko) Chrome/90.0.4430.72 Safari/537.36"
143.255.58.41 - - [02/Mar/2022:02:53:23 +0900] "GET /reibun/iPad/mini/2012/address_book/regist/0001/ HTTP/1.0" 200 3043 "https://spasalonhd.ru/sauna/" "Mozilla/5.0 (Windows NT 6.1; WOW64) AppleWebKit/537.36 (KHTML, like Gecko) Chrome/90.0.4430.85 Safari/537.36"
143.255.58.41 - - [02/Mar/2022:02:53:26 +0900] "GET /reibun/iPad/mini/2012/address_book/regist/ HTTP/1.0" 200 818 "https://spasalonhd.ru/massages/" "Mozilla/5.0 (Windows NT 10.0; Win64; x64) AppleWebKit/537.36 (KHTML, like Gecko) Chrome/90.0.4430.86 Safari/537.36"
143.255.58.41 - - [02/Mar/2022:02:53:29 +0900] "GET /reibun/iPad/mini/2012/bluetooth/keyboard/0001/ HTTP/1.0" 200 6117 "https://spasalonhd.ru/programs/mylnyj-massazh/" "Mozilla/5.0 (Windows NT 6.1; Win64; x64) AppleWebKit/537.36 (KHTML, like Gecko) Chrome/90.0.4430.85 Safari/537.36 Edg/90.0.818.49"
80.246.31.44 - - [02/Mar/2022:02:53:27 +0900] "GET /reibun/iPad/webalizer/usage_201409.html HTTP/1.0" 200 306685 "https://torospa.ru/devushki/okunis-v-okean-naslazhdeniy-s-nimfoy-massaga-mashei/" "Mozilla/5.0 (Windows NT 10.0) AppleWebKit/537.36 (KHTML, like Gecko) Chrome/90.0.4430.85 Safari/537.36 Edg/90.0.818.46"
143.255.58.41 - - [02/Mar/2022:02:53:32 +0900] "GET /reibun/iPad/mini/2012/address_book/regist/0001/ HTTP/1.0" 200 3043 "https://spasalonhd.ru/massages/v-dzhaze-tolko-devushki/" "Mozilla/5.0 (Windows NT 6.1; WOW64) AppleWebKit/537.36 (KHTML, like Gecko) Chrome/90.0.4430.85 Safari/537.36"
80.246.31.44 - - [02/Mar/2022:02:53:34 +0900] "GET /reibun/iPad/mini/2012/bluetooth/keyboard/0001/ HTTP/1.0" 200 6117 "https://torospa.ru/blog/kak-vybrat-salon-eroticheskogo-massazha/" "Mozilla/5.0 (Windows NT 6.2; Win64; x64) AppleWebKit/537.36 (KHTML, like Gecko) Chrome/90.0.4430.72 Safari/537.36"
143.255.58.41 - - [02/Mar/2022:02:53:34 +0900] "GET /reibun/iPad/mini/2012/tips/spring_board/0001/ HTTP/1.0" 200 2863 "https://spasalonhd.ru/massages/" "Mozilla/5.0 (Windows NT 6.3; Win64; x64) AppleWebKit/537.36 (KHTML, like Gecko) Chrome/90.0.4430.85 Safari/537.36 Edg/90.0.818.46"
80.246.31.44 - - [02/Mar/2022:02:53:36 +0900] "GET /reibun/iPad/mini/2012/address_book/regist/0001/ HTTP/1.0" 200 3043 "https://torospa.ru/blog/salon-ili-chastnye-massazhistki/" "Mozilla/5.0 (Windows NT 10.0) AppleWebKit/537.36 (KHTML, like Gecko) Chrome/90.0.4430.85 Safari/537.36"
143.255.58.41 - - [02/Mar/2022:02:53:37 +0900] "GET /reibun/iPad/mini/2012/tips/spring_board/0002/ HTTP/1.0" 200 2881 "https://spasalonhd.ru/sauna/hammam/" "Mozilla/5.0 (Windows NT 6.1; ) AppleWebKit/537.36 (KHTML, like Gecko) Chrome/90.0.4430.85 Safari/537.36"
80.246.31.44 - - [02/Mar/2022:02:53:39 +0900] "GET /reibun/iPad/mini/2012/tips/spring_board/0001/ HTTP/1.0" 200 2863 "https://torospa.ru/devushki/vasilisa/" "Mozilla/5.0 (Windows NT 10.0; Win64; x64) AppleWebKit/537.36 (KHTML, like Gecko) Chrome/90.0.4430.72 Safari/537.36 Edg/90.0.818.39"
143.255.58.41 - - [02/Mar/2022:02:53:40 +0900] "GET /reibun/iPad/mini/2012/bluetooth/keyboard/ HTTP/1.0" 200 804 "https://spasalonhd.ru/articles/tehnika-massazha-shiacu/" "Mozilla/5.0 (Windows NT 6.1; WOW64) AppleWebKit/537.36 (KHTML, like Gecko) Chrome/90.0.4430.93 Safari/537.36"
80.246.31.44 - - [02/Mar/2022:02:53:41 +0900] "GET /reibun/iPad/mini/2012/tips/spring_board/0002/ HTTP/1.0" 200 2881 "https://torospa.ru/devushki/kira/" "Mozilla/5.0 (Windows NT 10.0; Win64; x64) AppleWebKit/537.36 (KHTML, like Gecko) Chrome/90.0.4430.72 Safari/537.36 Edg/90.0.818.39"
143.255.58.41 - - [02/Mar/2022:02:53:42 +0900] "GET /reibun/iPad/mini/2012/bluetooth/keyboard/0001/ HTTP/1.0" 200 6117 "https://spasalonhd.ru/articles/courses/" "Mozilla/5.0 (Windows NT 6.1) AppleWebKit/537.36 (KHTML, like Gecko) Chrome/90.0.4430.72 Safari/537.36"
80.246.31.44 - - [02/Mar/2022:02:53:44 +0900] "GET /reibun/iPad/mini/2012/bluetooth/keyboard/ HTTP/1.0" 200 804 "https://torospa.ru/devushki" "Mozilla/5.0 (Windows NT 6.1) AppleWebKit/537.36 (KHTML, like Gecko) Chrome/90.0.4430.85 Safari/537.36"
80.246.31.44 - - [02/Mar/2022:02:53:47 +0900] "GET /reibun/iPad/mini/2012/bluetooth/keyboard/0001/ HTTP/1.0" 200 6117 "https://torospa.ru/blog/priglashaem-oprobovat-body-massag" "Mozilla/5.0 (Windows NT 6.1; Win64; x64) AppleWebKit/537.36 (KHTML, like Gecko) Chrome/90.0.4427.0 Safari/537.36"
80.246.31.44 - - [02/Mar/2022:02:53:50 +0900] "GET /reibun/iPad/mini/2012/address_book/regist/0001/ HTTP/1.0" 200 3043 "https://torospa.ru/dopolneniya/oshutite-na-sebe-dvoynoe-udovolstvie-v-prikosnovenii-toro" "Mozilla/5.0 (Windows NT 6.1) AppleWebKit/537.36 (KHTML, like Gecko) Chrome/90.0.4430.85 Safari/537.36"
80.246.31.44 - - [02/Mar/2022:02:53:52 +0900] "GET /reibun/iPad/mini/2012/address_book/regist/ HTTP/1.0" 200 818 "https://torospa.ru/dopolneniya/oprobuite-uvlekatelnoe-dopolnenie-pip-show" "Mozilla/5.0 (Windows NT 6.1; Win64; x64) AppleWebKit/537.36 (KHTML, like Gecko) Chrome/90.0.4430.72 Safari/537.36"
80.246.31.44 - - [02/Mar/2022:02:53:55 +0900] "GET /reibun/iPad/mini/2012/bluetooth/keyboard/0001/ HTTP/1.0" 200 6117 "https://torospa.ru/programmy/oprobuyte-novuy-programmu-dlya-semeynih-par-massag-s-assistentkoy" "Mozilla/5.0 (Windows NT 6.1; WOW64) AppleWebKit/537.36 (KHTML, like Gecko) Chrome/90.0.4430.85 Safari/537.36"
80.246.31.44 - - [02/Mar/2022:02:53:58 +0900] "GET /reibun/iPad/mini/2012/address_book/regist/0001/ HTTP/1.0" 200 3043 "https://torospa.ru/programmy/oshuti-osobennosti-yaponskogo-nuru-massaga" "Mozilla/5.0 (Windows NT 6.1) AppleWebKit/537.36 (KHTML, like Gecko) Chrome/90.0.4430.72 Safari/537.36"
80.246.31.44 - - [02/Mar/2022:02:54:00 +0900] "GET /reibun/iPad/mini/2012/tips/spring_board/0001/ HTTP/1.0" 200 2863 "https://torospa.ru/blog/massazh-futdzhob/" "Mozilla/5.0 (Windows NT 6.3; Win64; x64) AppleWebKit/537.36 (KHTML, like Gecko) Chrome/90.0.4430.72 Safari/537.36 Edg/90.0.818.42"
80.246.31.44 - - [02/Mar/2022:02:54:03 +0900] "GET /reibun/iPad/mini/2012/tips/spring_board/0002/ HTTP/1.0" 200 2881 "https://torospa.ru/blog/priglashaem-gostey-na-eroticheskiy-massag-indi" "Mozilla/5.0 (Windows NT 10.0) AppleWebKit/537.36 (KHTML, like Gecko) Chrome/90.0.4430.85 Safari/537.36"
80.246.31.44 - - [02/Mar/2022:02:54:06 +0900] "GET /reibun/iPad/mini/2012/bluetooth/keyboard/ HTTP/1.0" 200 804 "https://torospa.ru/blog/sovmestniy-taiskiy-massage-dlya-vlublenih-par" "Mozilla/5.0 (Windows NT 6.1; Win64; x64) AppleWebKit/537.36 (KHTML, like Gecko) Chrome/90.0.4430.85 Safari/537.36"
80.246.31.44 - - [02/Mar/2022:02:54:08 +0900] "GET /reibun/iPad/mini/2012/bluetooth/keyboard/0001/ HTTP/1.0" 200 6117 "https://torospa.ru/dopolneniya/oshutite-na-sebe-dvoynoe-udovolstvie-v-prikosnovenii-toro/" "Mozilla/5.0 (Windows NT 10.0; Win64; x64) AppleWebKit/537.36 (KHTML, like Gecko) Chrome/90.0.4430.93 Safari/537.36"
178.72.162.243 - - [02/Mar/2022:02:53:56 +0900] "GET /reibun/iPad/webalizer/usage_202202.html HTTP/1.0" 200 334379 "http://batmanapollo.ru" "Mozilla/5.0 (Windows NT 10.0; Win64; x64) AppleWebKit/537.36 (KHTML, like Gecko) Chrome/90.0.4430.72 Safari/537.36 Edg/90.0.818.42"
185.206.214.42 - - [02/Mar/2022:02:56:04 +0900] "GET /reibun/iPad/mini/2012/bluetooth/keyboard/0001/ HTTP/1.0" 200 6117 "https://printvam.ru/" "Mozilla/5.0 (Windows NT 10.0; WOW64) AppleWebKit/537.36 (KHTML, like Gecko) Chrome/90.0.4400.8 Safari/537.36"
185.206.214.42 - - [02/Mar/2022:02:56:04 +0900] "GET /reibun/iPad/mini/2012/bluetooth/keyboard/0001/ HTTP/1.0" 200 6117 "https://1fixprint.ru/" "Mozilla/5.0 (Windows NT 6.1; WOW64) AppleWebKit/537.36 (KHTML, like Gecko) Chrome/90.0.4430.72 Safari/537.36"
185.206.214.42 - - [02/Mar/2022:02:56:04 +0900] "GET /reibun/iPad/mini/2012/bluetooth/keyboard/0001/ HTTP/1.0" 200 6117 "https://manystock.ru/" "Mozilla/5.0 (Windows NT 6.1; ) AppleWebKit/537.36 (KHTML, like Gecko) Chrome/90.0.4430.85 Safari/537.36"
185.206.214.42 - - [02/Mar/2022:02:56:05 +0900] "GET /reibun/iPad/mini/2012/bluetooth/keyboard/0001/ HTTP/1.0" 200 6117 "https://printstoris.ru/" "Mozilla/5.0 (Windows NT 10.0) AppleWebKit/537.36 (KHTML, like Gecko) Chrome/90.0.4430.72 Safari/537.36"
185.206.214.42 - - [02/Mar/2022:02:56:06 +0900] "GET /reibun/iPad/mini/2012/bluetooth/keyboard/0001/ HTTP/1.0" 200 6117 "https://printmaiki.ru/" "Mozilla/5.0 (Windows NT 6.3; Win64; x64) AppleWebKit/537.36 (KHTML, like Gecko) Chrome/90.0.4430.85 Safari/537.36"
185.206.214.42 - - [02/Mar/2022:02:56:06 +0900] "GET /reibun/iPad/mini/2012/address_book/regist/0001/ HTTP/1.0" 200 3043 "https://printvam.ru/" "Mozilla/5.0 (Windows NT 6.3; Win64; x64) AppleWebKit/537.36 (KHTML, like Gecko) Chrome/90.0.4430.93 Safari/537.36"
185.206.214.42 - - [02/Mar/2022:02:56:06 +0900] "GET /reibun/iPad/mini/2012/bluetooth/keyboard/0001/ HTTP/1.0" 200 6117 "https://alentaprint.ru/" "Mozilla/5.0 (Windows NT 6.1; Win64; x64) AppleWebKit/537.36 (KHTML, like Gecko) Chrome/90.0.4430.85 Safari/537.36 Edg/90.0.818.49"
185.206.214.42 - - [02/Mar/2022:02:56:07 +0900] "GET /reibun/iPad/mini/2012/address_book/regist/0001/ HTTP/1.0" 200 3043 "https://1fixprint.ru/" "Mozilla/5.0 (Windows NT 6.3) AppleWebKit/537.36 (KHTML, like Gecko) Chrome/90.0.4430.72 Safari/537.36"
185.206.214.42 - - [02/Mar/2022:02:56:07 +0900] "GET /reibun/iPad/mini/2012/address_book/regist/0001/ HTTP/1.0" 200 3043 "https://manystock.ru/" "Mozilla/5.0 (Windows NT 6.1; WOW64) AppleWebKit/537.36 (KHTML, like Gecko) Chrome/90.0.4430.93 Safari/537.36"
185.206.214.42 - - [02/Mar/2022:02:56:07 +0900] "GET /reibun/iPad/mini/2012/bluetooth/keyboard/0001/ HTTP/1.0" 200 6117 "https://printsbook.ru/" "Mozilla/5.0 (Windows NT 10.0; Win64; x64) AppleWebKit/537.36 (KHTML, like Gecko) Chrome/90.0.4430.93 Safari/537.36"
185.206.214.42 - - [02/Mar/2022:02:56:08 +0900] "GET /reibun/iPad/mini/2012/address_book/regist/0001/ HTTP/1.0" 200 3043 "https://printmaiki.ru/" "Mozilla/5.0 (Windows NT 10.0; Win64; x64) AppleWebKit/537.36 (KHTML, like Gecko) Chrome/90.0.4430.85 Safari/537.36"
185.206.214.42 - - [02/Mar/2022:02:56:08 +0900] "GET /reibun/iPad/mini/2012/address_book/regist/0001/ HTTP/1.0" 200 3043 "https://printstoris.ru/" "Mozilla/5.0 (Windows NT 6.3; Win64; x64) AppleWebKit/537.36 (KHTML, like Gecko) Chrome/90.0.4430.85 Safari/537.36 Edg/90.0.818.49"
185.206.214.42 - - [02/Mar/2022:02:56:09 +0900] "GET /reibun/iPad/mini/2012/address_book/regist/0001/ HTTP/1.0" 200 3043 "https://alentaprint.ru/" "Mozilla/5.0 (Windows NT 6.1; WOW64) AppleWebKit/537.36 (KHTML, like Gecko) Chrome/90.0.4430.93 Safari/537.36"
185.206.214.42 - - [02/Mar/2022:02:56:10 +0900] "GET /reibun/iPad/mini/2012/address_book/regist/0001/ HTTP/1.0" 200 3043 "https://printsbook.ru/" "Mozilla/5.0 (Windows NT 10.0; Win64; x64) AppleWebKit/537.36 (KHTML, like Gecko) Chrome/90.0.4430.72 Safari/537.36 Edg/90.0.818.42"
143.255.58.41 - - [02/Mar/2022:02:57:17 +0900] "GET /reibun/iPad/webalizer/usage_201409.html HTTP/1.0" 200 306685 "https://spasalonhd.ru/massages/pip-shou/" "Mozilla/5.0 (Windows NT 6.3) AppleWebKit/537.36 (KHTML, like Gecko) Chrome/90.0.4430.72 Safari/537.36"
143.255.58.41 - - [02/Mar/2022:02:57:23 +0900] "GET /reibun/iPad/mini/2012/bluetooth/keyboard/0001/ HTTP/1.0" 200 6117 "https://spasalonhd.ru/massages/v-dzhaze-tolko-devushki/" "Mozilla/5.0 (Windows NT 6.3; Win64; x64) AppleWebKit/537.36 (KHTML, like Gecko) Chrome/90.0.4430.72 Safari/537.36"
143.255.58.41 - - [02/Mar/2022:02:57:26 +0900] "GET /reibun/iPad/mini/2012/address_book/regist/0001/ HTTP/1.0" 200 3043 "https://spasalonhd.ru" "Mozilla/5.0 (Windows NT 10.0; Win64; x64) AppleWebKit/537.36 (KHTML, like Gecko) Chrome/90.0.4430.85 Safari/537.36"
143.255.58.41 - - [02/Mar/2022:02:57:29 +0900] "GET /reibun/iPad/mini/2012/tips/spring_board/0001/ HTTP/1.0" 200 2863 "https://spasalonhd.ru/programs/mylnyj-massazh/" "Mozilla/5.0 (Windows NT 6.1; WOW64) AppleWebKit/537.36 (KHTML, like Gecko) Chrome/90.0.4430.85 Safari/537.36"
143.255.58.41 - - [02/Mar/2022:02:57:31 +0900] "GET /reibun/iPad/mini/2012/tips/spring_board/0002/ HTTP/1.0" 200 2881 "https://spasalonhd.ru/massages/v-dzhaze-tolko-devushki/" "Mozilla/5.0 (Windows NT 10.0) AppleWebKit/537.36 (KHTML, like Gecko) Chrome/90.0.4430.93 Safari/537.36"
143.255.58.41 - - [02/Mar/2022:02:57:34 +0900] "GET /reibun/iPad/mini/2012/bluetooth/keyboard/ HTTP/1.0" 200 804 "https://spasalonhd.ru/sauna/" "Mozilla/5.0 (Windows NT 6.1; Win64; x64) AppleWebKit/537.36 (KHTML, like Gecko) Chrome/90.0.4430.93 Safari/537.36"
143.255.58.41 - - [02/Mar/2022:02:57:37 +0900] "GET /reibun/iPad/mini/2012/bluetooth/keyboard/0001/ HTTP/1.0" 200 6117 "https://spasalonhd.ru/articles/ehroticheskij-massazh-v-dzhakuzi/" "Mozilla/5.0 (Windows NT 10.0; WOW64) AppleWebKit/537.36 (KHTML, like Gecko) Chrome/90.0.4430.85 Safari/537.36"
143.255.58.41 - - [02/Mar/2022:02:57:39 +0900] "GET /reibun/iPad/mini/2012/address_book/regist/0001/ HTTP/1.0" 200 3043 "https://spasalonhd.ru/articles/tajskij-massazh-v-spb/" "Mozilla/5.0 (Windows NT 10.0; WOW64) AppleWebKit/537.36 (KHTML, like Gecko) Chrome/90.0.4430.72 Safari/537.36"
143.255.58.41 - - [02/Mar/2022:02:57:42 +0900] "GET /reibun/iPad/mini/2012/address_book/regist/ HTTP/1.0" 200 818 "https://spasalonhd.ru/programs/mylnyj-massazh/" "Mozilla/5.0 (Windows NT 6.2; Win64; x64) AppleWebKit/537.36 (KHTML, like Gecko) Chrome/90.0.4430.93 Safari/537.36"
143.255.58.41 - - [02/Mar/2022:02:57:45 +0900] "GET /reibun/iPad/mini/2012/bluetooth/keyboard/0001/ HTTP/1.0" 200 6117 "https://spasalonhd.ru/contact-us/" "Mozilla/5.0 (Windows NT 10.0; Win64; x64) AppleWebKit/537.36 (KHTML, like Gecko) Chrome/90.0.4430.86 Safari/537.36"
143.255.58.41 - - [02/Mar/2022:02:57:48 +0900] "GET /reibun/iPad/mini/2012/address_book/regist/0001/ HTTP/1.0" 200 3043 "https://spasalonhd.ru/articles/massazh-lingama/" "Mozilla/5.0 (Windows NT 10.0) AppleWebKit/537.36 (KHTML, like Gecko) Chrome/90.0.4430.72 Safari/537.36"
143.255.58.41 - - [02/Mar/2022:02:57:50 +0900] "GET /reibun/iPad/mini/2012/tips/spring_board/0001/ HTTP/1.0" 200 2863 "https://spasalonhd.ru/sauna/" "Mozilla/5.0 (Windows NT 6.3; Win64; x64) AppleWebKit/537.36 (KHTML, like Gecko) Chrome/90.0.4430.72 Safari/537.36"
143.255.58.41 - - [02/Mar/2022:02:57:53 +0900] "GET /reibun/iPad/mini/2012/tips/spring_board/0002/ HTTP/1.0" 200 2881 "https://spasalonhd.ru/articles/courses/" "Mozilla/5.0 (Windows NT 6.3) AppleWebKit/537.36 (KHTML, like Gecko) Chrome/90.0.4430.72 Safari/537.36"
143.255.58.41 - - [02/Mar/2022:02:57:56 +0900] "GET /reibun/iPad/mini/2012/bluetooth/keyboard/ HTTP/1.0" 200 804 "https://spasalonhd.ru/contact-us/" "Mozilla/5.0 (Windows NT 6.1; ) AppleWebKit/537.36 (KHTML, like Gecko) Chrome/90.0.4430.72 Safari/537.36"
143.255.58.41 - - [02/Mar/2022:02:57:58 +0900] "GET /reibun/iPad/mini/2012/bluetooth/keyboard/0001/ HTTP/1.0" 200 6117 "https://spasalonhd.ru/programs/mylnyj-massazh/" "Mozilla/5.0 (Windows NT 10.0) AppleWebKit/537.36 (KHTML, like Gecko) Chrome/90.0.4430.85 Safari/537.36 Edg/90.0.818.46"
143.255.58.41 - - [02/Mar/2022:02:58:07 +0900] "GET /reibun/iPad/webalizer/usage_201409.html HTTP/1.0" 200 306685 "https://spasalonhd.ru/certificate/" "Mozilla/5.0 (Windows NT 6.1; Win64; x64) AppleWebKit/537.36 (KHTML, like Gecko) Chrome/90.0.4427.0 Safari/537.36"
143.255.58.41 - - [02/Mar/2022:02:58:14 +0900] "GET /reibun/iPad/mini/2012/bluetooth/keyboard/0001/ HTTP/1.0" 200 6117 "https://spasalonhd.ru" "Mozilla/5.0 (Windows NT 10.0; Win64; x64) AppleWebKit/537.36 (KHTML, like Gecko) Chrome/90.0.4430.85 Safari/537.36"
143.255.58.41 - - [02/Mar/2022:02:58:16 +0900] "GET /reibun/iPad/mini/2012/address_book/regist/0001/ HTTP/1.0" 200 3043 "https://spasalonhd.ru/massages/privat-tanec/" "Mozilla/5.0 (Windows NT 10.0) AppleWebKit/537.36 (KHTML, like Gecko) Chrome/90.0.4430.72 Safari/537.36"
143.255.58.41 - - [02/Mar/2022:02:58:19 +0900] "GET /reibun/iPad/mini/2012/tips/spring_board/0001/ HTTP/1.0" 200 2863 "https://spasalonhd.ru/sauna/hammam/" "Mozilla/5.0 (Windows NT 10.0) AppleWebKit/537.36 (KHTML, like Gecko) Chrome/90.0.4430.72 Safari/537.36"
143.255.58.41 - - [02/Mar/2022:02:58:22 +0900] "GET /reibun/iPad/mini/2012/tips/spring_board/0002/ HTTP/1.0" 200 2881 "https://spasalonhd.ru/massages/foot-massage/" "Mozilla/5.0 (Windows NT 10.0; Win64; x64) AppleWebKit/537.36 (KHTML, like Gecko) Chrome/90.0.4430.86 Safari/537.36"
143.255.58.41 - - [02/Mar/2022:02:58:25 +0900] "GET /reibun/iPad/mini/2012/bluetooth/keyboard/ HTTP/1.0" 200 804 "https://spasalonhd.ru/contact-us/" "Mozilla/5.0 (Windows NT 6.2; Win64; x64) AppleWebKit/537.36 (KHTML, like Gecko) Chrome/90.0.4430.72 Safari/537.36"
143.255.58.41 - - [02/Mar/2022:02:58:27 +0900] "GET /reibun/iPad/mini/2012/bluetooth/keyboard/0001/ HTTP/1.0" 200 6117 "https://spasalonhd.ru/" "Mozilla/5.0 (Windows NT 6.1; Win64; x64) AppleWebKit/537.36 (KHTML, like Gecko) Chrome/90.0.4430.72 Safari/537.36"
143.255.58.41 - - [02/Mar/2022:02:58:30 +0900] "GET /reibun/iPad/mini/2012/address_book/regist/0001/ HTTP/1.0" 200 3043 "https://spasalonhd.ru/massages/pip-shou/" "Mozilla/5.0 (Windows NT 6.1; ) AppleWebKit/537.36 (KHTML, like Gecko) Chrome/90.0.4430.72 Safari/537.36"
143.255.58.41 - - [02/Mar/2022:02:58:33 +0900] "GET /reibun/iPad/mini/2012/address_book/regist/ HTTP/1.0" 200 818 "https://spasalonhd.ru/dopolneniya/" "Mozilla/5.0 (Windows NT 6.1; ) AppleWebKit/537.36 (KHTML, like Gecko) Chrome/90.0.4430.85 Safari/537.36"
143.255.58.41 - - [02/Mar/2022:02:58:35 +0900] "GET /reibun/iPad/mini/2012/bluetooth/keyboard/0001/ HTTP/1.0" 200 6117 "https://spasalonhd.ru" "Mozilla/5.0 (Windows NT 6.3; Win64; x64) AppleWebKit/537.36 (KHTML, like Gecko) Chrome/90.0.4430.85 Safari/537.36"
143.255.58.41 - - [02/Mar/2022:02:58:38 +0900] "GET /reibun/iPad/mini/2012/address_book/regist/0001/ HTTP/1.0" 200 3043 "https://spasalonhd.ru/" "Mozilla/5.0 (Windows NT 6.3; Win64; x64) AppleWebKit/537.36 (KHTML, like Gecko) Chrome/90.0.4430.93 Safari/537.36"
143.255.58.41 - - [02/Mar/2022:02:58:41 +0900] "GET /reibun/iPad/mini/2012/tips/spring_board/0001/ HTTP/1.0" 200 2863 "https://spasalonhd.ru/dopolneniya/" "Mozilla/5.0 (Windows NT 10.0; WOW64) AppleWebKit/537.36 (KHTML, like Gecko) Chrome/90.0.4430.85 Safari/537.36"
143.255.58.41 - - [02/Mar/2022:02:58:44 +0900] "GET /reibun/iPad/mini/2012/tips/spring_board/0002/ HTTP/1.0" 200 2881 "https://spasalonhd.ru/certificate/" "Mozilla/5.0 (Windows NT 6.3; Win64; x64) AppleWebKit/537.36 (KHTML, like Gecko) Chrome/90.0.4430.93 Safari/537.36"
143.255.58.41 - - [02/Mar/2022:02:58:46 +0900] "GET /reibun/iPad/mini/2012/bluetooth/keyboard/ HTTP/1.0" 200 804 "https://spasalonhd.ru/sauna/" "Mozilla/5.0 (Windows NT 10.0) AppleWebKit/537.36 (KHTML, like Gecko) Chrome/90.0.4430.93 Safari/537.36"
143.255.58.41 - - [02/Mar/2022:02:58:49 +0900] "GET /reibun/iPad/mini/2012/bluetooth/keyboard/0001/ HTTP/1.0" 200 6117 "https://spasalonhd.ru" "Mozilla/5.0 (Windows NT 6.1; Win64; x64) AppleWebKit/537.36 (KHTML, like Gecko) Chrome/90.0.4430.72 Safari/537.36"
185.206.214.42 - - [02/Mar/2022:02:59:56 +0900] "GET /reibun/iPad/webalizer/usage_202202.html HTTP/1.0" 200 334379 "https://1fixprint.ru/" "Mozilla/5.0 (Windows NT 6.1; WOW64) AppleWebKit/537.36 (KHTML, like Gecko) Chrome/90.0.4430.72 Safari/537.36"
185.206.214.42 - - [02/Mar/2022:02:59:57 +0900] "GET /reibun/iPad/webalizer/usage_202202.html HTTP/1.0" 200 334379 "https://manystock.ru/" "Mozilla/5.0 (Windows NT 6.3; Win64; x64) AppleWebKit/537.36 (KHTML, like Gecko) Chrome/90.0.4430.72 Safari/537.36 Edg/90.0.818.42"
154.13.1.191 - - [02/Mar/2022:02:59:58 +0900] "GET /reibun/iPad/webalizer/usage_201409.html HTTP/1.0" 200 306685 "https://spasalonhd.ru/articles/courses/" "Mozilla/5.0 (Windows NT 6.3) AppleWebKit/537.36 (KHTML, like Gecko) Chrome/90.0.4430.72 Safari/537.36"
185.206.214.42 - - [02/Mar/2022:02:59:58 +0900] "GET /reibun/iPad/webalizer/usage_202202.html HTTP/1.0" 200 334379 "https://printstoris.ru/" "Mozilla/5.0 (Windows NT 10.0; Win64; x64) AppleWebKit/537.36 (KHTML, like Gecko) Chrome/90.0.4430.72 Safari/537.36 Edg/90.0.818.39"
185.206.214.42 - - [02/Mar/2022:02:59:58 +0900] "GET /reibun/iPad/webalizer/usage_202202.html HTTP/1.0" 200 334379 "https://printvam.ru/" "Mozilla/5.0 (Windows NT 6.3; Win64; x64) AppleWebKit/537.36 (KHTML, like Gecko) Chrome/90.0.4430.85 Safari/537.36 Edg/90.0.818.46"
185.206.214.42 - - [02/Mar/2022:02:59:58 +0900] "GET /reibun/iPad/webalizer/usage_202202.html HTTP/1.0" 200 334379 "https://alentaprint.ru/" "Mozilla/5.0 (Windows NT 6.1) AppleWebKit/537.36 (KHTML, like Gecko) Chrome/90.0.4430.72 Safari/537.36"
185.206.214.42 - - [02/Mar/2022:02:59:59 +0900] "GET /reibun/iPad/webalizer/usage_202202.html HTTP/1.0" 200 334379 "https://printmaiki.ru/" "Mozilla/5.0 (Windows NT 6.3; Win64; x64) AppleWebKit/537.36 (KHTML, like Gecko) Chrome/90.0.4430.72 Safari/537.36"
185.206.214.42 - - [02/Mar/2022:02:59:59 +0900] "GET /reibun/iPad/webalizer/usage_202202.html HTTP/1.0" 200 334379 "https://printsbook.ru/" "Mozilla/5.0 (Windows NT 10.0; WOW64) AppleWebKit/537.36 (KHTML, like Gecko) Chrome/90.0.4430.72 Safari/537.36"
154.13.1.191 - - [02/Mar/2022:03:00:04 +0900] "GET /reibun/iPad/mini/2012/bluetooth/keyboard/0001/ HTTP/1.0" 200 6117 "https://spasalonhd.ru/articles/tajskij-massazh-v-spb/" "Mozilla/5.0 (Windows NT 6.1; WOW64) AppleWebKit/537.36 (KHTML, like Gecko) Chrome/90.0.4430.93 Safari/537.36"
185.206.214.42 - - [02/Mar/2022:03:00:03 +0900] "GET /reibun/iPad/webalizer/usage_202202.html HTTP/1.0" 200 334379 "https://manystock.ru/" "Mozilla/5.0 (Windows NT 6.2; Win64; x64) AppleWebKit/537.36 (KHTML, like Gecko) Chrome/90.0.4430.72 Safari/537.36"
185.206.214.42 - - [02/Mar/2022:03:00:04 +0900] "GET /reibun/iPad/webalizer/usage_202202.html HTTP/1.0" 200 334379 "https://printvam.ru/" "Mozilla/5.0 (Windows NT 10.0) AppleWebKit/537.36 (KHTML, like Gecko) Chrome/90.0.4430.72 Safari/537.36"
185.206.214.42 - - [02/Mar/2022:03:00:03 +0900] "GET /reibun/iPad/webalizer/usage_202202.html HTTP/1.0" 200 334379 "https://1fixprint.ru/" "Mozilla/5.0 (Windows NT 6.1; Win64; x64) AppleWebKit/537.36 (KHTML, like Gecko) Chrome/90.0.4430.85 Safari/537.36"
154.13.1.191 - - [02/Mar/2022:03:00:07 +0900] "GET /reibun/iPad/mini/2012/address_book/regist/0001/ HTTP/1.0" 200 3043 "https://spasalonhd.ru/articles/erotic-massage-for-ladies/" "Mozilla/5.0 (Windows NT 10.0; WOW64) AppleWebKit/537.36 (KHTML, like Gecko) Chrome/90.0.4430.72 Safari/537.36"
185.206.214.42 - - [02/Mar/2022:03:00:05 +0900] "GET /reibun/iPad/webalizer/usage_202202.html HTTP/1.0" 200 334379 "https://alentaprint.ru/" "Mozilla/5.0 (Windows NT 6.3; Win64; x64) AppleWebKit/537.36 (KHTML, like Gecko) Chrome/90.0.4430.85 Safari/537.36 Edg/90.0.818.46"
185.206.214.42 - - [02/Mar/2022:03:00:05 +0900] "GET /reibun/iPad/webalizer/usage_202202.html HTTP/1.0" 200 334379 "https://printstoris.ru/" "Mozilla/5.0 (Windows NT 6.3; Win64; x64) AppleWebKit/537.36 (KHTML, like Gecko) Chrome/90.0.4430.85 Safari/537.36 Edg/90.0.818.46"
185.206.214.42 - - [02/Mar/2022:03:00:07 +0900] "GET /reibun/iPad/webalizer/usage_202202.html HTTP/1.0" 200 334379 "https://printmaiki.ru/" "Mozilla/5.0 (Windows NT 6.1; Win64; x64) AppleWebKit/537.36 (KHTML, like Gecko) Chrome/90.0.4427.0 Safari/537.36"
185.206.214.42 - - [02/Mar/2022:03:00:06 +0900] "GET /reibun/iPad/webalizer/usage_202202.html HTTP/1.0" 200 334379 "https://printsbook.ru/" "Mozilla/5.0 (Windows NT 6.2; Win64; x64) AppleWebKit/537.36 (KHTML, like Gecko) Chrome/90.0.4430.93 Safari/537.36"
185.206.214.42 - - [02/Mar/2022:03:00:10 +0900] "GET /reibun/iPad/mini/2012/bluetooth/keyboard/0001/ HTTP/1.0" 200 6117 "https://manystock.ru/" "Mozilla/5.0 (Windows NT 6.3; Win64; x64) AppleWebKit/537.36 (KHTML, like Gecko) Chrome/90.0.4430.72 Safari/537.36"
154.13.1.191 - - [02/Mar/2022:03:00:10 +0900] "GET /reibun/iPad/mini/2012/tips/spring_board/0001/ HTTP/1.0" 200 2863 "https://spasalonhd.ru/massages/v-dzhaze-tolko-devushki/" "Mozilla/5.0 (Windows NT 6.3; Win64; x64) AppleWebKit/537.36 (KHTML, like Gecko) Chrome/90.0.4430.85 Safari/537.36 Edg/90.0.818.46"
185.206.214.42 - - [02/Mar/2022:03:00:11 +0900] "GET /reibun/iPad/mini/2012/bluetooth/keyboard/0001/ HTTP/1.0" 200 6117 "https://printvam.ru/" "Mozilla/5.0 (Windows NT 10.0) AppleWebKit/537.36 (KHTML, like Gecko) Chrome/90.0.4430.85 Safari/537.36"
185.206.214.42 - - [02/Mar/2022:03:00:11 +0900] "GET /reibun/iPad/mini/2012/bluetooth/keyboard/0001/ HTTP/1.0" 200 6117 "https://1fixprint.ru/" "Mozilla/5.0 (Windows NT 10.0; Win64; x64) AppleWebKit/537.36 (KHTML, like Gecko) Chrome/90.0.4430.85 Safari/537.36 Edg/90.0.818.46"
185.206.214.42 - - [02/Mar/2022:03:00:11 +0900] "GET /reibun/iPad/mini/2012/bluetooth/keyboard/0001/ HTTP/1.0" 200 6117 "https://alentaprint.ru/" "Mozilla/5.0 (Windows NT 6.1; Win64; x64) AppleWebKit/537.36 (KHTML, like Gecko) Chrome/90.0.4430.85 Safari/537.36 Edg/90.0.818.49"
185.206.214.42 - - [02/Mar/2022:03:00:12 +0900] "GET /reibun/iPad/mini/2012/bluetooth/keyboard/0001/ HTTP/1.0" 200 6117 "https://printstoris.ru/" "Mozilla/5.0 (Windows NT 10.0; WOW64) AppleWebKit/537.36 (KHTML, like Gecko) Chrome/90.0.4430.85 Safari/537.36"
185.206.214.42 - - [02/Mar/2022:03:00:12 +0900] "GET /reibun/iPad/mini/2012/address_book/regist/0001/ HTTP/1.0" 200 3043 "https://manystock.ru/" "Mozilla/5.0 (Windows NT 6.3; Win64; x64) AppleWebKit/537.36 (KHTML, like Gecko) Chrome/90.0.4430.85 Safari/537.36 Edg/90.0.818.46"
154.13.1.191 - - [02/Mar/2022:03:00:12 +0900] "GET /reibun/iPad/mini/2012/tips/spring_board/0002/ HTTP/1.0" 200 2881 "https://spasalonhd.ru/massages/v-dzhaze-tolko-devushki/" "Mozilla/5.0 (Windows NT 6.3; Win64; x64) AppleWebKit/537.36 (KHTML, like Gecko) Chrome/90.0.4430.93 Safari/537.36"
185.206.214.42 - - [02/Mar/2022:03:00:13 +0900] "GET /reibun/iPad/mini/2012/bluetooth/keyboard/0001/ HTTP/1.0" 200 6117 "https://printmaiki.ru/" "Mozilla/5.0 (Windows NT 10.0; Win64; x64) AppleWebKit/537.36 (KHTML, like Gecko) Chrome/90.0.4430.72 Safari/537.36"
185.206.214.42 - - [02/Mar/2022:03:00:13 +0900] "GET /reibun/iPad/mini/2012/bluetooth/keyboard/0001/ HTTP/1.0" 200 6117 "https://printsbook.ru/" "Mozilla/5.0 (Windows NT 6.3; Win64; x64) AppleWebKit/537.36 (KHTML, like Gecko) Chrome/90.0.4430.85 Safari/537.36 Edg/90.0.818.49"
185.206.214.42 - - [02/Mar/2022:03:00:13 +0900] "GET /reibun/iPad/mini/2012/address_book/regist/0001/ HTTP/1.0" 200 3043 "https://printvam.ru/" "Mozilla/5.0 (Windows NT 6.3; Win64; x64) AppleWebKit/537.36 (KHTML, like Gecko) Chrome/90.0.4430.72 Safari/537.36"
